NOAA-Style Climate Reports
Select a Year or Month report
2024: Jan Feb Mar Apr May Jun Jul Aug Sep Oct Nov Dec
2023: Jan Feb Mar Apr May Jun Jul Aug Sep Oct Nov Dec
2022: Jan Feb Mar Apr May Jun Jul Aug Sep Oct Nov Dec
2021: Jan Feb Mar Apr May Jun Jul Aug Sep Oct Nov Dec
2020: Jan Feb Mar Apr May Jun Jul Aug Sep Oct Nov Dec
2019: Jan Feb Mar Apr May Jun Jul Aug Sep Oct Nov Dec
2018: Jan Feb Mar Apr May Jun Jul Aug Sep Oct Nov Dec
2017: Jan Feb Mar Apr May Jun Jul Aug Sep Oct Nov Dec
2016: Jan Feb Mar Apr May Jun Jul Aug Sep Oct Nov Dec
2015: Jan Feb Mar Apr May Jun Jul Aug Sep Oct Nov Dec
2014: Jan Feb Mar Apr May Jun Jul Aug Sep Oct Nov Dec
2013: Jan Feb Mar Apr May Jun Jul Aug Sep Oct Nov Dec
2012: Jan Feb Mar Apr May Jun Jul Aug Sep Oct Nov Dec
2011: Jan Feb Mar Apr May Jun Jul Aug Sep Oct Nov Dec
2010: Jan Feb Mar Apr May Jun Jul Aug Sep Oct Nov Dec
2009: Jan Feb Mar Apr May Jun Jul Aug Sep Oct Nov Dec
2008: Jan Feb Mar Apr May Jun Jul Aug Sep Oct Nov Dec
2007: Jan Feb Mar Apr May Jun Jul Aug Sep Oct Nov Dec
2006: Jan Feb Mar Apr May Jun Jul Aug Sep Oct Nov Dec
2005: Jan Feb Mar Apr May Jun Jul Aug Sep Oct Nov Dec
2024: Jan Feb Mar Apr May Jun Jul Aug Sep Oct Nov Dec
2023: Jan Feb Mar Apr May Jun Jul Aug Sep Oct Nov Dec
2022: Jan Feb Mar Apr May Jun Jul Aug Sep Oct Nov Dec
2021: Jan Feb Mar Apr May Jun Jul Aug Sep Oct Nov Dec
2020: Jan Feb Mar Apr May Jun Jul Aug Sep Oct Nov Dec
2019: Jan Feb Mar Apr May Jun Jul Aug Sep Oct Nov Dec
2018: Jan Feb Mar Apr May Jun Jul Aug Sep Oct Nov Dec
2017: Jan Feb Mar Apr May Jun Jul Aug Sep Oct Nov Dec
2016: Jan Feb Mar Apr May Jun Jul Aug Sep Oct Nov Dec
2015: Jan Feb Mar Apr May Jun Jul Aug Sep Oct Nov Dec
2014: Jan Feb Mar Apr May Jun Jul Aug Sep Oct Nov Dec
2013: Jan Feb Mar Apr May Jun Jul Aug Sep Oct Nov Dec
2012: Jan Feb Mar Apr May Jun Jul Aug Sep Oct Nov Dec
2011: Jan Feb Mar Apr May Jun Jul Aug Sep Oct Nov Dec
2010: Jan Feb Mar Apr May Jun Jul Aug Sep Oct Nov Dec
2009: Jan Feb Mar Apr May Jun Jul Aug Sep Oct Nov Dec
2008: Jan Feb Mar Apr May Jun Jul Aug Sep Oct Nov Dec
2007: Jan Feb Mar Apr May Jun Jul Aug Sep Oct Nov Dec
2006: Jan Feb Mar Apr May Jun Jul Aug Sep Oct Nov Dec
2005: Jan Feb Mar Apr May Jun Jul Aug Sep Oct Nov Dec
Report for 2008 February
Daily noaa report MONTHLY CLIMATOLOGICAL SUMMARY for FEB. 2008 NAME: Woodbridge CITY: Sachse STATE: Texas ELEV: 502 LAT: 032:58:44 LONG: 0096:34:01 TEMPERATURE ( °F), RAIN (in.), WIND SPEED (mph) HEAT COOL AVG MEAN DEG DEG WIND DOM DAY TEMP HIGH TIME LOW TIME DAYS DAYS RAIN SPEED HIGH TIME DIR ---------------------------------------------------------------------------------------------------------------------------------------------------------- 01 41.5 58.1 15:19p 22.9 07:45a 23.4 00.0 00.00 05.9 28.8 17:11p SSW 02 53.1 66.4 13:54p 39.7 07:42a 11.8 00.0 00.00 04.1 21.9 03:37a SSW 03 63.5 77.3 13:43p 49.6 00:01a 01.4 00.0 00.00 04.9 21.9 11:35a SSW 04 70.0 78.5 14:54p 64.3 00:14a 00.0 05.0 00.00 09.5 34.5 06:41a SSW 05 60.3 78.3 12:35p 37.1 00:00a 04.6 00.0 00.58 10.7 35.6 15:01p W 06 40.9 51.9 15:26p 31.3 07:25a 24.0 00.0 00.00 07.3 28.8 02:55a WNW 07 44.8 56.2 14:53p 36.0 23:27p 20.2 00.0 00.00 07.3 33.4 13:45p W 08 51.4 72.6 15:07p 33.9 03:20a 13.6 00.0 00.00 06.6 27.6 15:55p WSW 09 52.0 69.4 15:24p 35.6 07:15a 13.0 00.0 00.00 01.6 11.5 14:41p ENE 10 54.4 74.3 14:49p 34.5 06:25a 10.6 00.0 00.00 02.3 19.6 11:57a SSE 11 60.1 70.6 13:19p 45.2 02:42a 04.9 00.0 00.00 06.2 26.4 22:50p SSW 12 45.9 64.7 01:45a 36.0 00:00a 19.1 00.0 01.12 07.4 32.2 00:35a N 13 43.2 56.8 15:17p 28.5 07:25a 21.8 00.0 00.00 03.3 19.6 21:24p SSE 14 55.0 68.1 15:53p 42.9 05:51a 09.9 00.0 00.00 07.6 38.0 12:03p S 15 46.6 58.2 00:28a 37.5 20:34p 18.3 00.0 00.02 04.7 19.6 20:03p NNE 16 43.7 53.7 12:16p 38.7 00:38a 21.3 00.0 01.47 05.2 29.9 22:33p WNW 17 46.5 55.7 12:37p 38.6 06:06a 18.5 00.0 00.00 07.2 29.9 09:50a WNW 18 45.9 58.0 15:50p 32.7 07:28a 19.0 00.0 00.00 02.8 17.3 10:27a NW 19 49.9 65.2 14:50p 33.0 07:35a 15.0 00.0 00.00 04.1 23.0 14:21p SSW 20 59.3 66.6 12:39p 50.1 00:01a 05.6 00.0 00.00 04.6 19.6 10:35a S 21 45.2 62.7 00:03a 36.8 00:00a 19.8 00.0 00.12 05.2 19.6 12:55p NNW 22 37.7 46.8 15:38p 32.9 07:52a 27.2 00.0 00.00 04.8 16.1 12:05p N 23 43.6 59.8 14:45p 30.7 03:45a 21.3 00.0 00.01 03.6 17.3 14:45p SE 24 56.9 61.3 15:28p 43.4 22:21p 08.0 00.0 00.00 03.4 12.7 14:31p S 25 60.5 83.6 14:42p 44.0 06:15a 04.5 00.0 00.00 06.9 33.4 22:32p WSW 26 44.4 51.8 14:52p 36.2 00:00a 20.5 00.0 00.00 08.9 28.8 12:58p NNW 27 45.8 63.7 14:43p 27.7 06:52a 19.2 00.0 00.00 03.2 18.4 11:54a SW 28 56.0 70.1 15:26p 39.9 05:25a 09.0 00.0 00.00 09.7 36.8 14:47p SSW 29 62.0 71.5 13:46p 54.2 04:38a 03.0 00.0 00.00 04.2 24.1 00:29a SSW 30 31 ---------------------------------------------------------------------------------------------------------------------------------------------------------- 51.0 (51.5) 83.6 day 25 22.9 day 01 408.4 005.0 03.31 05.6 38.0 day 05 SW Min < 86: 29 Min < 23: 1 Max Rain: 1.47 ON 16-02-08 Days of Rain: 6 (> .008in) 4 (> .08in) 2 (> 0.8in)