NOAA-Style Climate Reports
Select a Year or Month report
2024: Jan Feb Mar Apr May Jun Jul Aug Sep Oct Nov Dec
2023: Jan Feb Mar Apr May Jun Jul Aug Sep Oct Nov Dec
2022: Jan Feb Mar Apr May Jun Jul Aug Sep Oct Nov Dec
2021: Jan Feb Mar Apr May Jun Jul Aug Sep Oct Nov Dec
2020: Jan Feb Mar Apr May Jun Jul Aug Sep Oct Nov Dec
2019: Jan Feb Mar Apr May Jun Jul Aug Sep Oct Nov Dec
2018: Jan Feb Mar Apr May Jun Jul Aug Sep Oct Nov Dec
2017: Jan Feb Mar Apr May Jun Jul Aug Sep Oct Nov Dec
2016: Jan Feb Mar Apr May Jun Jul Aug Sep Oct Nov Dec
2015: Jan Feb Mar Apr May Jun Jul Aug Sep Oct Nov Dec
2014: Jan Feb Mar Apr May Jun Jul Aug Sep Oct Nov Dec
2013: Jan Feb Mar Apr May Jun Jul Aug Sep Oct Nov Dec
2012: Jan Feb Mar Apr May Jun Jul Aug Sep Oct Nov Dec
2011: Jan Feb Mar Apr May Jun Jul Aug Sep Oct Nov Dec
2010: Jan Feb Mar Apr May Jun Jul Aug Sep Oct Nov Dec
2009: Jan Feb Mar Apr May Jun Jul Aug Sep Oct Nov Dec
2008: Jan Feb Mar Apr May Jun Jul Aug Sep Oct Nov Dec
2007: Jan Feb Mar Apr May Jun Jul Aug Sep Oct Nov Dec
2006: Jan Feb Mar Apr May Jun Jul Aug Sep Oct Nov Dec
2005: Jan Feb Mar Apr May Jun Jul Aug Sep Oct Nov Dec
2024: Jan Feb Mar Apr May Jun Jul Aug Sep Oct Nov Dec
2023: Jan Feb Mar Apr May Jun Jul Aug Sep Oct Nov Dec
2022: Jan Feb Mar Apr May Jun Jul Aug Sep Oct Nov Dec
2021: Jan Feb Mar Apr May Jun Jul Aug Sep Oct Nov Dec
2020: Jan Feb Mar Apr May Jun Jul Aug Sep Oct Nov Dec
2019: Jan Feb Mar Apr May Jun Jul Aug Sep Oct Nov Dec
2018: Jan Feb Mar Apr May Jun Jul Aug Sep Oct Nov Dec
2017: Jan Feb Mar Apr May Jun Jul Aug Sep Oct Nov Dec
2016: Jan Feb Mar Apr May Jun Jul Aug Sep Oct Nov Dec
2015: Jan Feb Mar Apr May Jun Jul Aug Sep Oct Nov Dec
2014: Jan Feb Mar Apr May Jun Jul Aug Sep Oct Nov Dec
2013: Jan Feb Mar Apr May Jun Jul Aug Sep Oct Nov Dec
2012: Jan Feb Mar Apr May Jun Jul Aug Sep Oct Nov Dec
2011: Jan Feb Mar Apr May Jun Jul Aug Sep Oct Nov Dec
2010: Jan Feb Mar Apr May Jun Jul Aug Sep Oct Nov Dec
2009: Jan Feb Mar Apr May Jun Jul Aug Sep Oct Nov Dec
2008: Jan Feb Mar Apr May Jun Jul Aug Sep Oct Nov Dec
2007: Jan Feb Mar Apr May Jun Jul Aug Sep Oct Nov Dec
2006: Jan Feb Mar Apr May Jun Jul Aug Sep Oct Nov Dec
2005: Jan Feb Mar Apr May Jun Jul Aug Sep Oct Nov Dec
Report for 2009 August
Daily noaa report MONTHLY CLIMATOLOGICAL SUMMARY for AUG. 2009 NAME: Woodbridge CITY: Sachse STATE: Texas ELEV: 502 LAT: 032:60:00 LONG: 0096:57:00 TEMPERATURE ( °F), RAIN (in.), WIND SPEED (mph) HEAT COOL AVG MEAN DEG DEG WIND DOM DAY TEMP HIGH TIME LOW TIME DAYS DAYS RAIN SPEED HIGH TIME DIR -------------------------------------------------------------------------------------------------------- 01 79.2 091.8 15:38 73.0 23:52 00.0 14.3 01.14 02.8 23.0 09:56 SW 02 82.5 094.2 16:02 71.7 06:54 00.0 17.6 00.00 01.8 12.7 17:34 SSE 03 85.6 097.3 15:43 74.3 07:05 00.0 20.6 00.00 03.7 19.6 13:28 SSW 04 85.7 097.0 16:29 75.2 06:51 00.0 20.7 00.00 04.2 19.6 11:58 S 05 84.3 099.2 15:29 76.7 07:18 00.0 19.3 00.04 03.9 32.2 22:44 S 06 84.2 095.1 15:46 74.9 07:16 00.0 19.2 00.02 03.5 13.8 18:11 E 07 87.2 097.9 15:57 76.6 07:00 00.0 22.2 00.00 04.3 17.3 16:12 SSE 08 86.6 096.3 16:41 76.7 07:14 00.0 21.7 00.00 05.5 19.6 17:36 SSE 09 86.5 096.6 16:49 77.5 07:20 00.0 21.6 00.00 05.7 19.6 20:26 SSE 10 86.8 098.1 15:41 75.9 06:43 00.0 21.9 00.00 04.3 19.6 10:21 S 11 82.9 090.5 17:15 76.3 00:00 00.0 17.9 00.00 04.7 23.0 13:11 ENE 12 81.7 094.1 16:26 70.9 06:29 00.0 16.7 00.00 02.7 17.3 16:26 ENE 13 81.8 094.4 14:56 70.1 07:08 00.0 16.9 00.00 02.9 14.9 09:52 E 14 82.9 096.0 14:06 74.0 07:14 00.0 17.9 00.00 03.6 16.1 17:19 ESE 15 86.8 098.1 16:55 76.7 07:28 00.0 21.8 00.00 04.7 20.7 12:28 SSE 16 87.0 097.7 16:28 77.2 06:41 00.0 22.1 00.00 05.5 19.6 11:33 SSE 17 87.7 098.4 16:03 77.2 06:48 00.0 22.7 00.00 04.3 19.6 22:26 SE 18 84.0 095.1 17:09 77.1 00:00 00.0 19.0 00.00 03.3 32.2 20:03 SE 19 86.2 098.5 16:10 76.2 01:43 00.0 21.3 00.00 05.2 19.6 18:01 S 20 87.3 096.4 14:42 78.7 07:26 00.0 22.4 00.00 04.6 20.7 02:36 S 21 79.8 091.0 17:07 69.3 02:48 00.0 14.9 01.60 04.8 29.9 02:08 ENE 22 80.8 093.6 16:53 68.0 06:25 00.0 15.9 00.00 02.7 16.1 11:36 E 23 81.8 093.0 16:50 73.5 07:14 00.0 16.8 00.00 04.9 14.9 21:22 ESE 24 83.5 095.4 16:58 72.9 07:08 00.0 18.6 00.00 05.0 18.4 21:16 ESE 25 85.2 097.0 16:49 74.6 07:24 00.0 20.2 00.00 03.6 12.7 23:49 ESE 26 84.6 097.3 16:42 73.5 06:33 00.0 19.6 00.00 03.6 14.9 22:16 ESE 27 82.4 092.0 16:41 76.1 07:59 00.0 17.4 00.00 02.0 11.5 20:26 E 28 80.5 089.7 14:52 73.0 07:14 00.0 15.5 00.00 03.7 19.6 13:56 N 29 78.1 089.4 15:27 67.1 07:24 00.0 13.2 00.00 03.3 19.6 17:16 N 30 77.7 086.5 16:33 68.7 07:35 00.0 12.7 00.00 04.7 16.1 18:00 NNE 31 76.3 086.2 16:15 67.8 06:51 00.0 11.4 00.00 03.7 13.8 16:23 ENE -------------------------------------------------------------------------------------------------------- 83.5 (84.3) 99.2 day 05 67.1 day 29 000.0 574.2 00.00 04.0 32.2 day 16 SE Max > 86: 31 Min < 86: 31 Max Rain: 1.60 ON 21-08-21 Days of Rain: 4 (> .008in) 2 (> .08in) 2 (> 0.8in)