NOAA-Style Climate Reports
Select a Year or Month report
2024: Jan Feb Mar Apr May Jun Jul Aug Sep Oct Nov Dec
2023: Jan Feb Mar Apr May Jun Jul Aug Sep Oct Nov Dec
2022: Jan Feb Mar Apr May Jun Jul Aug Sep Oct Nov Dec
2021: Jan Feb Mar Apr May Jun Jul Aug Sep Oct Nov Dec
2020: Jan Feb Mar Apr May Jun Jul Aug Sep Oct Nov Dec
2019: Jan Feb Mar Apr May Jun Jul Aug Sep Oct Nov Dec
2018: Jan Feb Mar Apr May Jun Jul Aug Sep Oct Nov Dec
2017: Jan Feb Mar Apr May Jun Jul Aug Sep Oct Nov Dec
2016: Jan Feb Mar Apr May Jun Jul Aug Sep Oct Nov Dec
2015: Jan Feb Mar Apr May Jun Jul Aug Sep Oct Nov Dec
2014: Jan Feb Mar Apr May Jun Jul Aug Sep Oct Nov Dec
2013: Jan Feb Mar Apr May Jun Jul Aug Sep Oct Nov Dec
2012: Jan Feb Mar Apr May Jun Jul Aug Sep Oct Nov Dec
2011: Jan Feb Mar Apr May Jun Jul Aug Sep Oct Nov Dec
2010: Jan Feb Mar Apr May Jun Jul Aug Sep Oct Nov Dec
2009: Jan Feb Mar Apr May Jun Jul Aug Sep Oct Nov Dec
2008: Jan Feb Mar Apr May Jun Jul Aug Sep Oct Nov Dec
2007: Jan Feb Mar Apr May Jun Jul Aug Sep Oct Nov Dec
2006: Jan Feb Mar Apr May Jun Jul Aug Sep Oct Nov Dec
2005: Jan Feb Mar Apr May Jun Jul Aug Sep Oct Nov Dec
2024: Jan Feb Mar Apr May Jun Jul Aug Sep Oct Nov Dec
2023: Jan Feb Mar Apr May Jun Jul Aug Sep Oct Nov Dec
2022: Jan Feb Mar Apr May Jun Jul Aug Sep Oct Nov Dec
2021: Jan Feb Mar Apr May Jun Jul Aug Sep Oct Nov Dec
2020: Jan Feb Mar Apr May Jun Jul Aug Sep Oct Nov Dec
2019: Jan Feb Mar Apr May Jun Jul Aug Sep Oct Nov Dec
2018: Jan Feb Mar Apr May Jun Jul Aug Sep Oct Nov Dec
2017: Jan Feb Mar Apr May Jun Jul Aug Sep Oct Nov Dec
2016: Jan Feb Mar Apr May Jun Jul Aug Sep Oct Nov Dec
2015: Jan Feb Mar Apr May Jun Jul Aug Sep Oct Nov Dec
2014: Jan Feb Mar Apr May Jun Jul Aug Sep Oct Nov Dec
2013: Jan Feb Mar Apr May Jun Jul Aug Sep Oct Nov Dec
2012: Jan Feb Mar Apr May Jun Jul Aug Sep Oct Nov Dec
2011: Jan Feb Mar Apr May Jun Jul Aug Sep Oct Nov Dec
2010: Jan Feb Mar Apr May Jun Jul Aug Sep Oct Nov Dec
2009: Jan Feb Mar Apr May Jun Jul Aug Sep Oct Nov Dec
2008: Jan Feb Mar Apr May Jun Jul Aug Sep Oct Nov Dec
2007: Jan Feb Mar Apr May Jun Jul Aug Sep Oct Nov Dec
2006: Jan Feb Mar Apr May Jun Jul Aug Sep Oct Nov Dec
2005: Jan Feb Mar Apr May Jun Jul Aug Sep Oct Nov Dec
Report for 2010 February
Daily noaa report MONTHLY CLIMATOLOGICAL SUMMARY for FEB. 2010 NAME: Woodbridge CITY: Sachse STATE: Texas ELEV: 502 LAT: 032:58:44 LONG: 0096:34:01 TEMPERATURE ( °F), RAIN (in.), WIND SPEED (mph) HEAT COOL AVG MEAN DEG DEG WIND DOM DAY TEMP HIGH TIME LOW TIME DAYS DAYS RAIN SPEED HIGH TIME DIR ---------------------------------------------------------------------------------------------------------------------------------------------------------- 01 40.7 49.3 15:08 30.8 00:59 24.2 00.0 00.00 02.9 17.3 11:32 SSW 02 43.9 52.3 14:23 37.7 22:34 21.0 00.0 00.00 02.7 11.5 16:56 NNE 03 41.8 46.5 13:28 37.3 03:38 23.1 00.0 00.06 04.3 19.6 15:12 E 04 42.2 43.3 16:53 41.3 04:08 22.8 00.0 00.61 03.9 18.4 02:11 ENE 05 47.5 57.0 14:50 39.7 07:22 17.4 00.0 00.02 05.8 20.7 22:02 WNW 06 40.6 43.7 00:01 35.9 07:49 24.3 00.0 00.00 04.2 17.3 10:11 NNW 07 41.8 44.8 13:59 39.5 05:45 23.2 00.0 00.07 02.7 11.5 19:51 ESE 08 40.5 42.7 00:37 38.5 11:37 24.5 00.0 01.24 05.6 19.6 23:59 NNE 09 35.2 43.4 15:23 26.7 07:48 29.8 00.0 00.00 06.5 27.6 05:22 NNW 10 35.8 39.5 14:09 30.9 06:39 29.1 00.0 00.00 01.9 10.4 13:48 ENE 11 34.3 38.3 04:20 32.4 23:58 30.7 00.0 00.16 02.3 13.8 04:39 E 12 34.0 39.1 10:52 28.5 06:50 31.0 00.0 00.53 00.0 01.1 09:41 NW 13 35.8 41.1 16:33 32.1 06:07 29.2 00.0 00.19 02.8 15.0 16:02 SSE 14 35.8 42.8 12:39 30.9 23:20 29.1 00.0 00.01 09.7 33.4 14:02 N 15 36.9 47.2 15:22 29.6 07:37 28.1 00.0 00.00 12.7 29.9 17:02 WNW 16 38.6 50.8 15:09 27.8 05:03 26.3 00.0 00.00 08.1 21.9 18:02 WNW 17 40.4 54.6 15:23 29.3 07:54 24.6 00.0 00.00 04.6 09.2 17:02 NNW 18 45.8 62.7 15:26 30.5 07:01 19.2 00.0 00.00 03.4 17.3 16:00 SSE 19 48.7 59.8 15:02 37.1 06:47 16.2 00.0 00.00 03.6 19.6 15:32 S 20 57.0 63.9 14:16 51.0 06:38 07.9 00.0 00.00 04.4 18.4 14:16 SSE 21 53.6 63.6 15:44 40.7 00:00 11.4 00.0 00.13 06.3 26.5 21:03 NW 22 39.1 41.1 17:03 36.2 05:52 25.9 00.0 00.00 05.7 19.6 05:18 N 23 38.2 42.6 15:54 34.3 07:14 26.8 00.0 00.00 06.1 18.4 17:17 N 24 38.6 50.3 15:15 29.6 07:26 26.4 00.0 00.00 03.7 17.3 11:06 N 25 45.5 55.8 13:03 32.8 03:03 19.4 00.0 00.00 06.1 24.2 13:12 SSE 26 44.0 49.0 00:04 39.5 14:55 20.9 00.0 00.04 05.1 17.3 19:06 NNE 27 48.0 65.4 14:42 34.0 07:15 16.9 00.0 00.00 02.6 19.6 13:57 NW 28 51.0 66.6 13:43 36.6 04:58 14.0 00.0 00.00 05.2 20.7 17:02 E ---------------------------------------------------------------------------------------------------------------------------------------------------------- 42.0 (42.3) 66.6 day 28 26.7 day 09 643.1 000.0 03.06 04.7 33.4 day 15 N Min < 86: 28 Max Rain: 1.24 ON 8-02-10 Days of Rain: 11 (> .008in) 6 (> .08in) 1 (> 0.8in)