NOAA-Style Climate Reports
Select a Year or Month report
2024: Jan Feb Mar Apr May Jun Jul Aug Sep Oct Nov Dec
2023: Jan Feb Mar Apr May Jun Jul Aug Sep Oct Nov Dec
2022: Jan Feb Mar Apr May Jun Jul Aug Sep Oct Nov Dec
2021: Jan Feb Mar Apr May Jun Jul Aug Sep Oct Nov Dec
2020: Jan Feb Mar Apr May Jun Jul Aug Sep Oct Nov Dec
2019: Jan Feb Mar Apr May Jun Jul Aug Sep Oct Nov Dec
2018: Jan Feb Mar Apr May Jun Jul Aug Sep Oct Nov Dec
2017: Jan Feb Mar Apr May Jun Jul Aug Sep Oct Nov Dec
2016: Jan Feb Mar Apr May Jun Jul Aug Sep Oct Nov Dec
2015: Jan Feb Mar Apr May Jun Jul Aug Sep Oct Nov Dec
2014: Jan Feb Mar Apr May Jun Jul Aug Sep Oct Nov Dec
2013: Jan Feb Mar Apr May Jun Jul Aug Sep Oct Nov Dec
2012: Jan Feb Mar Apr May Jun Jul Aug Sep Oct Nov Dec
2011: Jan Feb Mar Apr May Jun Jul Aug Sep Oct Nov Dec
2010: Jan Feb Mar Apr May Jun Jul Aug Sep Oct Nov Dec
2009: Jan Feb Mar Apr May Jun Jul Aug Sep Oct Nov Dec
2008: Jan Feb Mar Apr May Jun Jul Aug Sep Oct Nov Dec
2007: Jan Feb Mar Apr May Jun Jul Aug Sep Oct Nov Dec
2006: Jan Feb Mar Apr May Jun Jul Aug Sep Oct Nov Dec
2005: Jan Feb Mar Apr May Jun Jul Aug Sep Oct Nov Dec
2024: Jan Feb Mar Apr May Jun Jul Aug Sep Oct Nov Dec
2023: Jan Feb Mar Apr May Jun Jul Aug Sep Oct Nov Dec
2022: Jan Feb Mar Apr May Jun Jul Aug Sep Oct Nov Dec
2021: Jan Feb Mar Apr May Jun Jul Aug Sep Oct Nov Dec
2020: Jan Feb Mar Apr May Jun Jul Aug Sep Oct Nov Dec
2019: Jan Feb Mar Apr May Jun Jul Aug Sep Oct Nov Dec
2018: Jan Feb Mar Apr May Jun Jul Aug Sep Oct Nov Dec
2017: Jan Feb Mar Apr May Jun Jul Aug Sep Oct Nov Dec
2016: Jan Feb Mar Apr May Jun Jul Aug Sep Oct Nov Dec
2015: Jan Feb Mar Apr May Jun Jul Aug Sep Oct Nov Dec
2014: Jan Feb Mar Apr May Jun Jul Aug Sep Oct Nov Dec
2013: Jan Feb Mar Apr May Jun Jul Aug Sep Oct Nov Dec
2012: Jan Feb Mar Apr May Jun Jul Aug Sep Oct Nov Dec
2011: Jan Feb Mar Apr May Jun Jul Aug Sep Oct Nov Dec
2010: Jan Feb Mar Apr May Jun Jul Aug Sep Oct Nov Dec
2009: Jan Feb Mar Apr May Jun Jul Aug Sep Oct Nov Dec
2008: Jan Feb Mar Apr May Jun Jul Aug Sep Oct Nov Dec
2007: Jan Feb Mar Apr May Jun Jul Aug Sep Oct Nov Dec
2006: Jan Feb Mar Apr May Jun Jul Aug Sep Oct Nov Dec
2005: Jan Feb Mar Apr May Jun Jul Aug Sep Oct Nov Dec
Report for 2011 September
Daily noaa report MONTHLY CLIMATOLOGICAL SUMMARY for SEP. 2011 NAME: Woodbridge CITY: Sachse STATE: Texas ELEV: 502 LAT: 032:58:44 LONG: 0096:34:01 TEMPERATURE ( °F), RAIN (in.), WIND SPEED (mph) HEAT COOL AVG MEAN DEG DEG WIND DOM DAY TEMP HIGH TIME LOW TIME DAYS DAYS RAIN SPEED HIGH TIME DIR ---------------------------------------------------------------------------------------------------------------------------------------------------------- 01 89.7 102.3 16:21 76.1 07:52 00.0 24.7 00.00 02.7 19.6 16:02 SSE 02 91.3 102.5 15:51 81.5 07:40 00.0 26.4 00.00 04.1 20.7 16:56 ESE 03 87.2 098.5 16:10 75.1 07:42 00.0 22.3 00.00 03.8 21.9 14:07 ENE 04 84.1 094.6 14:41 74.4 06:44 00.0 19.1 00.00 08.2 29.9 21:41 N 05 76.0 085.7 16:59 66.6 07:53 00.0 11.1 00.00 07.5 25.3 10:02 N 06 74.7 089.9 17:20 61.1 07:42 00.0 09.7 00.00 02.3 12.7 12:55 NNE 07 76.9 091.3 15:26 59.5 08:01 00.0 12.0 00.00 03.1 17.3 17:30 NNE 08 77.1 089.4 16:37 64.5 07:52 00.0 12.2 00.00 03.1 21.9 13:42 N 09 75.9 090.2 15:37 62.2 07:34 00.0 11.0 00.00 02.3 19.6 16:21 N 10 77.0 094.2 16:00 59.0 07:57 00.0 12.1 00.00 02.1 19.6 13:59 WNW 11 80.0 096.3 15:43 62.7 08:00 00.0 15.0 00.00 02.1 19.6 16:32 NNW 12 83.8 102.1 15:46 64.7 06:25 00.0 18.9 00.00 01.5 12.7 13:52 ESE 13 89.5 107.3 15:43 71.1 07:54 00.0 24.6 00.00 04.5 21.9 12:35 SW 14 84.6 096.1 14:37 75.3 07:50 00.0 19.7 00.04 02.6 21.9 21:34 NNE 15 71.0 077.1 13:19 64.8 08:01 00.0 06.0 00.00 07.2 21.9 08:36 NE 16 74.1 090.3 16:45 66.4 07:04 00.0 09.1 00.27 04.5 18.4 15:21 ENE 17 79.0 092.5 15:43 65.9 04:25 00.0 14.1 00.02 04.0 24.1 11:57 SSE 18 80.5 095.3 15:21 69.0 21:24 00.0 15.6 01.46 05.4 51.8 20:15 SSW 19 74.9 086.9 16:08 65.1 07:45 00.0 10.0 00.00 03.0 20.7 14:13 N 20 74.6 088.5 16:09 61.3 07:06 00.0 09.7 00.00 01.2 09.2 15:43 ESE 21 79.1 093.6 15:13 65.5 07:55 00.0 14.1 00.00 01.8 12.7 15:07 ESE 22 71.3 078.9 00:02 63.5 12:00 00.0 06.4 00.65 03.6 20.7 09:39 N 23 67.8 081.3 17:07 56.9 07:47 00.0 02.9 00.01 01.9 11.5 02:39 N 24 75.2 094.4 16:38 56.9 07:01 00.0 10.2 00.00 03.8 21.9 14:54 SSW 25 80.9 092.7 13:11 70.4 05:37 00.0 15.9 00.00 05.6 23.0 12:01 WSW 26 76.7 090.2 17:19 62.8 08:05 00.0 11.7 00.00 04.3 13.8 01:35 ENE 27 80.1 092.2 15:47 67.5 07:49 00.0 15.2 00.00 02.4 12.7 16:41 NE 28 80.5 093.8 15:53 67.6 08:04 00.0 15.6 00.00 01.7 11.5 12:02 E 29 81.4 098.9 15:40 65.1 07:38 00.0 16.5 00.08 01.7 25.3 20:43 E 30 75.2 082.9 16:44 65.8 23:54 00.0 10.2 00.00 05.2 19.6 10:37 NNE ---------------------------------------------------------------------------------------------------------------------------------------------------------- 79.0 (79.3) 107.3 day 13 56.9 day 24 000.0 422.0 02.53 03.6 51.8 day 18 NE Max > 86: 25 Min < 86: 30 Max Rain: 1.46 ON 18-09-11 Days of Rain: 7 (> .008in) 3 (> .08in) 1 (> 0.8in)