NOAA-Style Climate Reports
Select a Year or Month report
2024: Jan Feb Mar Apr May Jun Jul Aug Sep Oct Nov Dec
2023: Jan Feb Mar Apr May Jun Jul Aug Sep Oct Nov Dec
2022: Jan Feb Mar Apr May Jun Jul Aug Sep Oct Nov Dec
2021: Jan Feb Mar Apr May Jun Jul Aug Sep Oct Nov Dec
2020: Jan Feb Mar Apr May Jun Jul Aug Sep Oct Nov Dec
2019: Jan Feb Mar Apr May Jun Jul Aug Sep Oct Nov Dec
2018: Jan Feb Mar Apr May Jun Jul Aug Sep Oct Nov Dec
2017: Jan Feb Mar Apr May Jun Jul Aug Sep Oct Nov Dec
2016: Jan Feb Mar Apr May Jun Jul Aug Sep Oct Nov Dec
2015: Jan Feb Mar Apr May Jun Jul Aug Sep Oct Nov Dec
2014: Jan Feb Mar Apr May Jun Jul Aug Sep Oct Nov Dec
2013: Jan Feb Mar Apr May Jun Jul Aug Sep Oct Nov Dec
2012: Jan Feb Mar Apr May Jun Jul Aug Sep Oct Nov Dec
2011: Jan Feb Mar Apr May Jun Jul Aug Sep Oct Nov Dec
2010: Jan Feb Mar Apr May Jun Jul Aug Sep Oct Nov Dec
2009: Jan Feb Mar Apr May Jun Jul Aug Sep Oct Nov Dec
2008: Jan Feb Mar Apr May Jun Jul Aug Sep Oct Nov Dec
2007: Jan Feb Mar Apr May Jun Jul Aug Sep Oct Nov Dec
2006: Jan Feb Mar Apr May Jun Jul Aug Sep Oct Nov Dec
2005: Jan Feb Mar Apr May Jun Jul Aug Sep Oct Nov Dec
2024: Jan Feb Mar Apr May Jun Jul Aug Sep Oct Nov Dec
2023: Jan Feb Mar Apr May Jun Jul Aug Sep Oct Nov Dec
2022: Jan Feb Mar Apr May Jun Jul Aug Sep Oct Nov Dec
2021: Jan Feb Mar Apr May Jun Jul Aug Sep Oct Nov Dec
2020: Jan Feb Mar Apr May Jun Jul Aug Sep Oct Nov Dec
2019: Jan Feb Mar Apr May Jun Jul Aug Sep Oct Nov Dec
2018: Jan Feb Mar Apr May Jun Jul Aug Sep Oct Nov Dec
2017: Jan Feb Mar Apr May Jun Jul Aug Sep Oct Nov Dec
2016: Jan Feb Mar Apr May Jun Jul Aug Sep Oct Nov Dec
2015: Jan Feb Mar Apr May Jun Jul Aug Sep Oct Nov Dec
2014: Jan Feb Mar Apr May Jun Jul Aug Sep Oct Nov Dec
2013: Jan Feb Mar Apr May Jun Jul Aug Sep Oct Nov Dec
2012: Jan Feb Mar Apr May Jun Jul Aug Sep Oct Nov Dec
2011: Jan Feb Mar Apr May Jun Jul Aug Sep Oct Nov Dec
2010: Jan Feb Mar Apr May Jun Jul Aug Sep Oct Nov Dec
2009: Jan Feb Mar Apr May Jun Jul Aug Sep Oct Nov Dec
2008: Jan Feb Mar Apr May Jun Jul Aug Sep Oct Nov Dec
2007: Jan Feb Mar Apr May Jun Jul Aug Sep Oct Nov Dec
2006: Jan Feb Mar Apr May Jun Jul Aug Sep Oct Nov Dec
2005: Jan Feb Mar Apr May Jun Jul Aug Sep Oct Nov Dec
Report for 2012 July
Daily noaa report MONTHLY CLIMATOLOGICAL SUMMARY for JUL. 2012 NAME: Woodbridge CITY: Sachse STATE: Texas ELEV: 502 ft LAT: 32: LONG: : : TEMPERATURE ( °F), RAIN (in.), WIND SPEED (mph) HEAT COOL AVG MEAN DEG DEG WIND DOM DAY TEMP HIGH TIME LOW TIME DAYS DAYS RAIN SPEED HIGH TIME DIR ---------------------------------------------------------------------------------------------------------------------------------------------------------- 01 81.4 094.3 15:45 75.9 05:01 00.0 16.4 00.31 04.1 25.3 15:48 S 02 82.9 092.6 16:21 76.7 06:56 00.0 17.9 00.00 04.6 19.6 14:20 S 03 85.9 096.0 16:10 78.2 08:11 00.0 20.9 00.00 04.8 19.6 10:27 S 04 83.5 096.5 16:15 75.7 07:26 00.0 18.5 00.00 04.9 19.6 09:31 S 05 86.9 097.5 17:23 75.4 07:12 00.0 21.9 00.00 03.4 18.4 14:19 SSE 06 87.5 098.9 17:13 74.7 07:19 00.0 22.6 00.00 02.1 15.0 14:21 SSE 07 82.0 100.2 14:49 73.5 00:00 00.0 17.1 00.42 02.4 41.4 15:14 SE 08 81.0 095.5 16:41 73.3 01:41 00.0 16.1 00.09 01.6 25.3 18:21 SSE 09 82.4 093.7 17:27 76.5 07:27 00.0 17.5 00.08 02.7 27.6 20:24 ESE 10 80.7 091.5 16:47 73.0 06:56 00.0 15.7 00.00 02.0 26.5 21:18 ENE 11 82.8 093.4 16:28 73.0 06:44 00.0 17.8 00.06 03.4 23.0 21:29 NE 12 82.2 093.6 17:19 71.8 06:41 00.0 17.3 00.00 02.9 17.3 14:06 ENE 13 82.9 092.8 15:25 74.9 04:17 00.0 17.9 00.00 02.4 18.4 18:03 E 14 81.1 094.0 17:33 72.9 00:00 00.0 16.2 00.12 02.0 31.1 19:21 E 15 78.1 091.1 15:16 70.3 06:49 00.0 13.2 00.00 02.0 16.1 16:19 ESE 16 82.3 093.7 16:14 71.9 07:07 00.0 17.4 00.00 04.1 19.6 19:27 SSE 17 85.9 097.0 16:41 75.4 07:22 00.0 20.9 00.00 04.2 18.4 11:34 S 18 87.3 098.8 16:26 75.4 07:19 00.0 22.4 00.00 03.7 16.1 14:45 S 19 89.1 100.4 16:05 76.9 06:32 00.0 24.2 00.00 03.7 16.1 12:07 SW 20 87.3 104.7 14:43 78.4 05:59 00.0 22.4 00.01 03.9 26.5 15:42 WSW 21 88.5 107.1 16:03 75.9 07:19 00.0 23.5 00.02 01.4 24.2 17:01 SSW 22 88.7 100.6 17:25 79.1 07:18 00.0 23.8 00.00 04.3 18.4 21:15 SSE 23 87.3 097.5 16:31 78.0 07:18 00.0 22.3 00.00 04.6 19.6 17:16 SSE 24 86.9 098.5 16:30 76.5 07:16 00.0 22.0 00.00 05.1 21.9 14:18 S 25 89.0 100.9 15:33 78.8 07:32 00.0 24.0 00.00 06.4 24.2 16:18 S 26 89.0 101.7 16:38 79.0 07:13 00.0 24.1 00.00 05.9 21.9 07:06 SSW 27 89.2 099.6 15:22 79.5 07:19 00.0 24.3 00.00 03.9 16.1 16:11 S 28 91.1 104.4 15:49 76.8 07:41 00.0 26.2 00.00 02.4 13.8 15:18 S 29 91.0 105.3 16:17 75.6 07:31 00.0 26.1 00.00 02.6 19.6 13:37 SSW 30 92.3 104.3 16:17 78.2 07:41 00.0 27.3 00.00 03.3 17.3 10:44 SSW 31 91.7 105.4 17:26 77.4 07:32 00.0 26.7 00.00 03.7 15.0 16:24 S ---------------------------------------------------------------------------------------------------------------------------------------------------------- 85.7 (86.9) 107.1 day 21 70.3 day 15 000.0 644.6 01.11 03.5 41.4 day 07 S Max > 86: 31 Min < 86: 31 Max Rain: 0.42 ON 7-07-12 Days of Rain: 8 (> .008in) 5 (> .08in) 0 (> 0.8in)