NOAA-Style Climate Reports
Select a Year or Month report
2024: Jan Feb Mar Apr May Jun Jul Aug Sep Oct Nov Dec
2023: Jan Feb Mar Apr May Jun Jul Aug Sep Oct Nov Dec
2022: Jan Feb Mar Apr May Jun Jul Aug Sep Oct Nov Dec
2021: Jan Feb Mar Apr May Jun Jul Aug Sep Oct Nov Dec
2020: Jan Feb Mar Apr May Jun Jul Aug Sep Oct Nov Dec
2019: Jan Feb Mar Apr May Jun Jul Aug Sep Oct Nov Dec
2018: Jan Feb Mar Apr May Jun Jul Aug Sep Oct Nov Dec
2017: Jan Feb Mar Apr May Jun Jul Aug Sep Oct Nov Dec
2016: Jan Feb Mar Apr May Jun Jul Aug Sep Oct Nov Dec
2015: Jan Feb Mar Apr May Jun Jul Aug Sep Oct Nov Dec
2014: Jan Feb Mar Apr May Jun Jul Aug Sep Oct Nov Dec
2013: Jan Feb Mar Apr May Jun Jul Aug Sep Oct Nov Dec
2012: Jan Feb Mar Apr May Jun Jul Aug Sep Oct Nov Dec
2011: Jan Feb Mar Apr May Jun Jul Aug Sep Oct Nov Dec
2010: Jan Feb Mar Apr May Jun Jul Aug Sep Oct Nov Dec
2009: Jan Feb Mar Apr May Jun Jul Aug Sep Oct Nov Dec
2008: Jan Feb Mar Apr May Jun Jul Aug Sep Oct Nov Dec
2007: Jan Feb Mar Apr May Jun Jul Aug Sep Oct Nov Dec
2006: Jan Feb Mar Apr May Jun Jul Aug Sep Oct Nov Dec
2005: Jan Feb Mar Apr May Jun Jul Aug Sep Oct Nov Dec
2024: Jan Feb Mar Apr May Jun Jul Aug Sep Oct Nov Dec
2023: Jan Feb Mar Apr May Jun Jul Aug Sep Oct Nov Dec
2022: Jan Feb Mar Apr May Jun Jul Aug Sep Oct Nov Dec
2021: Jan Feb Mar Apr May Jun Jul Aug Sep Oct Nov Dec
2020: Jan Feb Mar Apr May Jun Jul Aug Sep Oct Nov Dec
2019: Jan Feb Mar Apr May Jun Jul Aug Sep Oct Nov Dec
2018: Jan Feb Mar Apr May Jun Jul Aug Sep Oct Nov Dec
2017: Jan Feb Mar Apr May Jun Jul Aug Sep Oct Nov Dec
2016: Jan Feb Mar Apr May Jun Jul Aug Sep Oct Nov Dec
2015: Jan Feb Mar Apr May Jun Jul Aug Sep Oct Nov Dec
2014: Jan Feb Mar Apr May Jun Jul Aug Sep Oct Nov Dec
2013: Jan Feb Mar Apr May Jun Jul Aug Sep Oct Nov Dec
2012: Jan Feb Mar Apr May Jun Jul Aug Sep Oct Nov Dec
2011: Jan Feb Mar Apr May Jun Jul Aug Sep Oct Nov Dec
2010: Jan Feb Mar Apr May Jun Jul Aug Sep Oct Nov Dec
2009: Jan Feb Mar Apr May Jun Jul Aug Sep Oct Nov Dec
2008: Jan Feb Mar Apr May Jun Jul Aug Sep Oct Nov Dec
2007: Jan Feb Mar Apr May Jun Jul Aug Sep Oct Nov Dec
2006: Jan Feb Mar Apr May Jun Jul Aug Sep Oct Nov Dec
2005: Jan Feb Mar Apr May Jun Jul Aug Sep Oct Nov Dec
Report for 2013 August
Daily noaa report MONTHLY CLIMATOLOGICAL SUMMARY for AUG. 2013 NAME: Woodbridge CITY: Sachse STATE: Texas ELEV: 502 ft LAT: 32: LONG: : : TEMPERATURE ( °F), RAIN (in.), WIND SPEED (mph) HEAT COOL AVG MEAN DEG DEG WIND DOM DAY TEMP HIGH TIME LOW TIME DAYS DAYS RAIN SPEED HIGH TIME DIR ---------------------------------------------------------------------------------------------------------------------------------------------------------- 01 90.7 101.3 15:57 80.5 08:04 00.0 25.8 00.00 003 014 19:31 E 02 89.7 100.9 17:45 77.7 07:13 00.0 24.7 00.00 003 020 15:13 S 03 89.8 100.3 17:40 78.9 07:56 00.0 24.8 00.00 004 014 19:52 S 04 89.6 099.8 17:51 78.2 07:28 00.0 24.7 00.00 003 015 02:38 S 05 90.6 102.0 17:07 80.3 07:37 00.0 25.6 00.00 004 015 15:45 SSW 06 90.8 103.2 16:40 79.4 07:48 00.0 25.9 00.00 005 020 17:17 SSW 07 92.3 104.3 17:08 79.8 07:48 00.0 27.4 00.00 005 020 14:13 SSW 08 91.2 101.3 14:23 79.7 07:39 00.0 26.2 00.00 004 020 08:38 SSW 09 89.1 101.9 17:50 77.0 07:19 00.0 24.1 00.00 003 016 14:07 SSW 10 86.3 097.9 18:02 76.6 07:32 00.0 21.3 00.00 003 012 22:29 NNE 11 87.9 099.5 16:11 76.5 07:36 00.0 23.0 00.00 002 020 19:18 SE 12 88.8 099.4 16:14 77.3 07:39 00.0 23.9 00.00 003 014 18:18 SSW 13 85.3 099.7 16:32 78.7 07:34 00.0 20.3 00.02 004 033 14:19 WSW 14 81.6 088.5 16:23 76.6 03:39 00.0 16.7 00.04 004 016 20:09 E 15 79.9 089.5 16:57 70.0 07:41 00.0 14.9 00.00 003 014 10:29 ESE 16 77.2 088.4 17:32 68.2 08:16 00.0 12.3 00.02 003 025 05:01 ENE 17 77.2 091.0 16:42 64.0 07:31 00.0 12.2 00.00 003 013 18:44 ENE 18 79.4 092.8 17:20 67.3 07:01 00.0 14.5 00.00 002 014 14:29 E 19 82.8 095.9 17:27 70.7 06:44 00.0 17.9 00.00 002 016 13:16 ESE 20 84.3 096.9 15:24 72.3 07:26 00.0 19.3 00.00 002 013 13:48 SSE 21 84.9 097.2 17:06 73.3 07:26 00.0 19.9 00.00 002 013 18:08 S 22 86.8 100.1 16:00 74.5 07:15 00.0 21.9 00.00 002 012 20:34 S 23 87.3 099.6 16:15 78.0 07:33 00.0 22.4 00.00 002 018 18:23 SE 24 88.4 099.4 14:16 78.0 08:04 00.0 23.4 00.00 003 020 17:34 ESE 25 87.8 098.3 16:43 76.6 07:47 00.0 22.9 00.00 004 020 15:39 ESE 26 86.2 097.9 15:19 74.6 07:23 00.0 21.2 00.00 004 020 17:31 SE 27 83.9 096.8 15:31 75.0 07:20 00.0 19.0 00.00 003 017 13:04 SSW 28 85.3 099.3 15:42 72.6 07:39 00.0 20.4 00.00 001 014 11:38 SSW 29 88.6 102.8 15:23 74.9 07:35 00.0 23.7 00.00 001 013 13:15 S 30 89.8 102.7 17:09 76.4 07:31 00.0 24.8 00.00 001 010 16:48 SSE 31 90.2 103.8 16:03 77.2 06:56 00.0 25.3 00.00 002 013 16:10 S ---------------------------------------------------------------------------------------------------------------------------------------------------------- 86.6 (87.0) 104.3 day 07 64.0 day 17 000.0 670.5 00.07 02.9 033 day 13 SSE Max > 86: 31 Min < 86: 31 Max Rain: 0.04 ON 14-08-13 Days of Rain: 3 (> .008in) 0 (> .08in) 0 (> 0.8in)