NOAA-Style Climate Reports
Select a Year or Month report
2024: Jan Feb Mar Apr May Jun Jul Aug Sep Oct Nov Dec
2023: Jan Feb Mar Apr May Jun Jul Aug Sep Oct Nov Dec
2022: Jan Feb Mar Apr May Jun Jul Aug Sep Oct Nov Dec
2021: Jan Feb Mar Apr May Jun Jul Aug Sep Oct Nov Dec
2020: Jan Feb Mar Apr May Jun Jul Aug Sep Oct Nov Dec
2019: Jan Feb Mar Apr May Jun Jul Aug Sep Oct Nov Dec
2018: Jan Feb Mar Apr May Jun Jul Aug Sep Oct Nov Dec
2017: Jan Feb Mar Apr May Jun Jul Aug Sep Oct Nov Dec
2016: Jan Feb Mar Apr May Jun Jul Aug Sep Oct Nov Dec
2015: Jan Feb Mar Apr May Jun Jul Aug Sep Oct Nov Dec
2014: Jan Feb Mar Apr May Jun Jul Aug Sep Oct Nov Dec
2013: Jan Feb Mar Apr May Jun Jul Aug Sep Oct Nov Dec
2012: Jan Feb Mar Apr May Jun Jul Aug Sep Oct Nov Dec
2011: Jan Feb Mar Apr May Jun Jul Aug Sep Oct Nov Dec
2010: Jan Feb Mar Apr May Jun Jul Aug Sep Oct Nov Dec
2009: Jan Feb Mar Apr May Jun Jul Aug Sep Oct Nov Dec
2008: Jan Feb Mar Apr May Jun Jul Aug Sep Oct Nov Dec
2007: Jan Feb Mar Apr May Jun Jul Aug Sep Oct Nov Dec
2006: Jan Feb Mar Apr May Jun Jul Aug Sep Oct Nov Dec
2005: Jan Feb Mar Apr May Jun Jul Aug Sep Oct Nov Dec
2024: Jan Feb Mar Apr May Jun Jul Aug Sep Oct Nov Dec
2023: Jan Feb Mar Apr May Jun Jul Aug Sep Oct Nov Dec
2022: Jan Feb Mar Apr May Jun Jul Aug Sep Oct Nov Dec
2021: Jan Feb Mar Apr May Jun Jul Aug Sep Oct Nov Dec
2020: Jan Feb Mar Apr May Jun Jul Aug Sep Oct Nov Dec
2019: Jan Feb Mar Apr May Jun Jul Aug Sep Oct Nov Dec
2018: Jan Feb Mar Apr May Jun Jul Aug Sep Oct Nov Dec
2017: Jan Feb Mar Apr May Jun Jul Aug Sep Oct Nov Dec
2016: Jan Feb Mar Apr May Jun Jul Aug Sep Oct Nov Dec
2015: Jan Feb Mar Apr May Jun Jul Aug Sep Oct Nov Dec
2014: Jan Feb Mar Apr May Jun Jul Aug Sep Oct Nov Dec
2013: Jan Feb Mar Apr May Jun Jul Aug Sep Oct Nov Dec
2012: Jan Feb Mar Apr May Jun Jul Aug Sep Oct Nov Dec
2011: Jan Feb Mar Apr May Jun Jul Aug Sep Oct Nov Dec
2010: Jan Feb Mar Apr May Jun Jul Aug Sep Oct Nov Dec
2009: Jan Feb Mar Apr May Jun Jul Aug Sep Oct Nov Dec
2008: Jan Feb Mar Apr May Jun Jul Aug Sep Oct Nov Dec
2007: Jan Feb Mar Apr May Jun Jul Aug Sep Oct Nov Dec
2006: Jan Feb Mar Apr May Jun Jul Aug Sep Oct Nov Dec
2005: Jan Feb Mar Apr May Jun Jul Aug Sep Oct Nov Dec
Report for 2014 April
Daily noaa report MONTHLY CLIMATOLOGICAL SUMMARY for APR. 2014 NAME: Woodbridge CITY: Sachse STATE: Texas ELEV: 502 ft LAT: 32: LONG: : : TEMPERATURE ( °F), RAIN (in.), WIND SPEED (mph) HEAT COOL AVG MEAN DEG DEG WIND DOM DAY TEMP HIGH TIME LOW TIME DAYS DAYS RAIN SPEED HIGH TIME DIR ---------------------------------------------------------------------------------------------------------------------------------------------------------- 01 71.5 081.9 17:10 62.9 03:46 00.0 06.5 00.00 006 023 12:44 S 02 73.2 082.2 14:31 68.4 05:26 00.0 08.3 00.00 006 025 16:20 S 03 74.3 083.1 16:13 62.6 00:00 00.0 09.3 00.25 008 032 23:47 SSW 04 56.7 067.5 17:08 45.6 07:46 08.3 00.0 00.01 006 028 00:20 N 05 52.0 056.7 14:02 49.3 07:19 12.9 00.0 00.05 004 015 23:26 E 06 49.2 051.7 14:15 46.9 08:18 15.7 00.0 00.76 005 018 10:36 ENE 07 55.4 067.3 17:20 48.2 05:55 09.6 00.0 00.05 003 035 19:56 NW 08 59.4 070.5 17:09 50.0 07:36 05.5 00.0 00.00 009 033 16:27 NW 09 62.3 080.0 16:02 42.7 07:35 02.7 00.0 00.00 003 020 13:11 S 10 70.5 083.0 16:46 58.6 07:24 00.0 05.6 00.00 009 033 16:50 SSW 11 70.6 082.1 15:40 62.8 04:24 00.0 05.7 00.00 006 023 06:02 S 12 72.9 083.1 16:15 65.7 05:33 00.0 07.9 00.00 008 028 13:18 S 13 70.1 077.7 16:57 65.3 07:17 00.0 05.2 00.35 008 031 01:17 SSW 14 50.8 071.9 00:02 44.9 23:46 14.2 00.0 00.00 009 032 08:46 N 15 50.9 065.2 17:12 34.9 07:33 14.0 00.0 00.00 003 015 11:38 NW 16 55.9 067.6 16:26 43.7 06:40 09.0 00.0 00.00 005 025 12:53 SSE 17 58.5 069.1 11:53 50.1 07:00 06.4 00.0 00.00 002 009 13:26 ESE 18 65.7 078.0 17:06 55.9 05:53 00.0 00.8 00.00 002 012 16:11 ENE 19 67.6 081.0 16:23 54.0 07:26 00.0 02.6 00.00 002 015 12:12 SSE 20 68.3 081.7 14:55 60.7 03:06 00.0 03.4 00.21 002 021 15:23 SSE 21 70.1 082.7 15:32 61.9 06:45 00.0 05.2 00.07 003 020 13:06 S 22 72.4 086.5 16:49 59.4 06:43 00.0 07.5 00.01 001 014 12:41 NE 23 72.8 087.0 16:08 56.9 06:37 00.0 07.9 00.00 003 020 16:36 SSE 24 73.9 083.9 16:28 66.4 00:00 00.0 09.0 00.00 007 025 15:41 WSW 25 70.3 085.0 16:16 55.2 07:32 00.0 05.4 00.00 002 016 14:01 ESE 26 72.2 083.9 14:43 60.9 06:51 00.0 07.3 00.00 005 025 16:28 SSE 27 77.1 089.5 17:07 70.5 23:23 00.0 12.2 00.13 006 024 12:05 S 28 74.4 084.1 17:48 65.4 08:07 00.0 09.5 00.00 005 021 10:47 WNW 29 66.6 075.7 15:00 56.9 00:00 00.0 01.7 00.00 008 030 16:22 NW 30 58.6 068.7 16:11 50.1 07:13 06.4 00.0 00.00 006 029 17:06 NNW ---------------------------------------------------------------------------------------------------------------------------------------------------------- 65.5 (66.4) 89.5 day 27 34.9 day 15 104.6 120.8 01.90 05.0 035 day 13 SSW Max > 86: 3 Min < 86: 30 Max Rain: 0.76 ON 6-04-14 Days of Rain: 10 (> .008in) 5 (> .08in) 0 (> 0.8in)