NOAA-Style Climate Reports
Select a Year or Month report
2024: Jan Feb Mar Apr May Jun Jul Aug Sep Oct Nov Dec
2023: Jan Feb Mar Apr May Jun Jul Aug Sep Oct Nov Dec
2022: Jan Feb Mar Apr May Jun Jul Aug Sep Oct Nov Dec
2021: Jan Feb Mar Apr May Jun Jul Aug Sep Oct Nov Dec
2020: Jan Feb Mar Apr May Jun Jul Aug Sep Oct Nov Dec
2019: Jan Feb Mar Apr May Jun Jul Aug Sep Oct Nov Dec
2018: Jan Feb Mar Apr May Jun Jul Aug Sep Oct Nov Dec
2017: Jan Feb Mar Apr May Jun Jul Aug Sep Oct Nov Dec
2016: Jan Feb Mar Apr May Jun Jul Aug Sep Oct Nov Dec
2015: Jan Feb Mar Apr May Jun Jul Aug Sep Oct Nov Dec
2014: Jan Feb Mar Apr May Jun Jul Aug Sep Oct Nov Dec
2013: Jan Feb Mar Apr May Jun Jul Aug Sep Oct Nov Dec
2012: Jan Feb Mar Apr May Jun Jul Aug Sep Oct Nov Dec
2011: Jan Feb Mar Apr May Jun Jul Aug Sep Oct Nov Dec
2010: Jan Feb Mar Apr May Jun Jul Aug Sep Oct Nov Dec
2009: Jan Feb Mar Apr May Jun Jul Aug Sep Oct Nov Dec
2008: Jan Feb Mar Apr May Jun Jul Aug Sep Oct Nov Dec
2007: Jan Feb Mar Apr May Jun Jul Aug Sep Oct Nov Dec
2006: Jan Feb Mar Apr May Jun Jul Aug Sep Oct Nov Dec
2005: Jan Feb Mar Apr May Jun Jul Aug Sep Oct Nov Dec
2024: Jan Feb Mar Apr May Jun Jul Aug Sep Oct Nov Dec
2023: Jan Feb Mar Apr May Jun Jul Aug Sep Oct Nov Dec
2022: Jan Feb Mar Apr May Jun Jul Aug Sep Oct Nov Dec
2021: Jan Feb Mar Apr May Jun Jul Aug Sep Oct Nov Dec
2020: Jan Feb Mar Apr May Jun Jul Aug Sep Oct Nov Dec
2019: Jan Feb Mar Apr May Jun Jul Aug Sep Oct Nov Dec
2018: Jan Feb Mar Apr May Jun Jul Aug Sep Oct Nov Dec
2017: Jan Feb Mar Apr May Jun Jul Aug Sep Oct Nov Dec
2016: Jan Feb Mar Apr May Jun Jul Aug Sep Oct Nov Dec
2015: Jan Feb Mar Apr May Jun Jul Aug Sep Oct Nov Dec
2014: Jan Feb Mar Apr May Jun Jul Aug Sep Oct Nov Dec
2013: Jan Feb Mar Apr May Jun Jul Aug Sep Oct Nov Dec
2012: Jan Feb Mar Apr May Jun Jul Aug Sep Oct Nov Dec
2011: Jan Feb Mar Apr May Jun Jul Aug Sep Oct Nov Dec
2010: Jan Feb Mar Apr May Jun Jul Aug Sep Oct Nov Dec
2009: Jan Feb Mar Apr May Jun Jul Aug Sep Oct Nov Dec
2008: Jan Feb Mar Apr May Jun Jul Aug Sep Oct Nov Dec
2007: Jan Feb Mar Apr May Jun Jul Aug Sep Oct Nov Dec
2006: Jan Feb Mar Apr May Jun Jul Aug Sep Oct Nov Dec
2005: Jan Feb Mar Apr May Jun Jul Aug Sep Oct Nov Dec
Report for 2015 September
Daily noaa report MONTHLY CLIMATOLOGICAL SUMMARY for SEP. 2015 NAME: CITY: STATE: ELEV: LAT: LONG: TEMPERATURE ( °F), RAIN (in.), WIND SPEED (mph) HEAT COOL AVG MEAN DEG DEG WIND DOM DAY TEMP HIGH TIME LOW TIME DAYS DAYS RAIN SPEED HIGH TIME DIR -------------------------------------------------------------------------------------------------------- 01 83.9 095.0 16:17 73.9 07:59 00.0 18.9 00.00 01.7 12.7 16:21 S 02 82.7 094.3 15:55 71.5 07:37 00.0 17.8 00.00 01.3 12.7 16:36 S 03 83.3 094.6 16:17 72.7 07:11 00.0 18.4 00.00 01.3 14.9 16:44 SE 04 85.3 096.1 16:46 75.4 07:33 00.0 20.4 00.00 01.6 13.8 19:31 SSE 05 86.2 095.6 16:21 77.0 07:44 00.0 21.3 00.00 01.1 12.7 15:51 S 06 86.9 099.0 17:01 77.1 07:08 00.0 22.0 00.00 00.9 11.5 16:04 S 07 88.5 100.2 16:32 76.6 07:57 00.0 23.5 00.00 01.1 14.9 22:04 S 08 87.1 097.9 14:47 77.6 07:51 00.0 22.2 00.00 01.8 14.9 18:14 S 09 78.8 084.1 00:01 75.1 23:59 00.0 13.8 00.61 00.7 12.7 15:38 SE 10 81.5 092.4 16:21 73.0 07:10 00.0 16.5 00.00 00.9 11.5 16:08 ESE 11 80.7 093.6 15:46 72.1 07:47 00.0 15.8 00.00 03.6 21.9 16:18 ENE 12 74.8 085.0 17:10 65.8 07:49 00.0 09.8 00.00 02.7 14.9 14:20 NE 13 75.6 090.9 15:59 60.4 07:50 00.0 10.7 00.00 01.9 17.3 15:59 SSE 14 77.4 090.3 15:52 66.3 07:32 00.0 12.5 00.00 02.9 19.6 12:45 S 15 77.7 090.8 17:09 66.7 06:36 00.0 12.8 00.00 01.6 20.7 20:05 SSE 16 81.8 092.2 16:59 74.1 06:10 00.0 16.9 00.00 02.7 20.7 15:39 S 17 87.3 093.4 16:40 74.8 08:09 00.0 22.4 00.00 02.7 19.6 14:08 SSE 18 84.1 096.3 15:43 73.5 07:33 00.0 19.1 00.00 02.1 19.6 13:55 S 19 77.9 084.6 10:48 73.7 04:14 00.0 12.9 00.09 01.4 16.1 11:37 ENE 20 76.1 086.6 12:10 70.1 07:32 00.0 11.2 00.00 01.7 18.4 15:12 ENE 21 79.3 093.1 16:11 68.3 07:50 00.0 14.4 00.00 00.9 11.5 19:50 SE 22 83.1 095.2 16:26 72.5 08:05 00.0 18.2 00.00 01.5 12.7 18:44 SE 23 80.8 093.8 16:08 71.0 08:00 00.0 15.9 00.00 02.5 13.8 18:12 ESE 24 79.2 092.8 15:42 67.7 06:05 00.0 14.3 00.00 00.4 11.5 16:20 E 25 76.5 089.8 18:02 69.4 07:11 00.0 11.6 00.00 00.7 11.5 19:30 ENE 26 81.0 091.0 16:39 68.6 11:01 00.0 16.1 00.00 01.1 12.7 16:28 ENE 27 76.7 090.1 15:05 64.8 07:38 00.0 11.8 00.00 01.3 14.9 15:18 E 28 77.5 089.6 17:22 67.6 07:49 00.0 12.6 00.00 01.1 16.1 13:33 ENE 29 82.8 090.3 16:04 69.7 07:11 00.0 17.8 00.00 01.9 14.9 14:45 NE 30 79.6 091.6 16:52 68.6 08:02 00.0 14.7 00.00 01.6 13.8 16:06 NE -------------------------------------------------------------------------------------------------------- 81.1 (81.8) 100.2 day 07 60.4 day 13 000.0 486.1 00.70 01.6 21.9 day 11 SE Max > 86: 27 Min < 86: 30 Max Rain: 0.61 ON 9-09-15 Days of Rain: 2 (> .008in) 2 (> .08in) 0 (> 0.8in)