NOAA-Style Climate Reports
Select a Year or Month report
2024: Jan Feb Mar Apr May Jun Jul Aug Sep Oct Nov Dec
2023: Jan Feb Mar Apr May Jun Jul Aug Sep Oct Nov Dec
2022: Jan Feb Mar Apr May Jun Jul Aug Sep Oct Nov Dec
2021: Jan Feb Mar Apr May Jun Jul Aug Sep Oct Nov Dec
2020: Jan Feb Mar Apr May Jun Jul Aug Sep Oct Nov Dec
2019: Jan Feb Mar Apr May Jun Jul Aug Sep Oct Nov Dec
2018: Jan Feb Mar Apr May Jun Jul Aug Sep Oct Nov Dec
2017: Jan Feb Mar Apr May Jun Jul Aug Sep Oct Nov Dec
2016: Jan Feb Mar Apr May Jun Jul Aug Sep Oct Nov Dec
2015: Jan Feb Mar Apr May Jun Jul Aug Sep Oct Nov Dec
2014: Jan Feb Mar Apr May Jun Jul Aug Sep Oct Nov Dec
2013: Jan Feb Mar Apr May Jun Jul Aug Sep Oct Nov Dec
2012: Jan Feb Mar Apr May Jun Jul Aug Sep Oct Nov Dec
2011: Jan Feb Mar Apr May Jun Jul Aug Sep Oct Nov Dec
2010: Jan Feb Mar Apr May Jun Jul Aug Sep Oct Nov Dec
2009: Jan Feb Mar Apr May Jun Jul Aug Sep Oct Nov Dec
2008: Jan Feb Mar Apr May Jun Jul Aug Sep Oct Nov Dec
2007: Jan Feb Mar Apr May Jun Jul Aug Sep Oct Nov Dec
2006: Jan Feb Mar Apr May Jun Jul Aug Sep Oct Nov Dec
2005: Jan Feb Mar Apr May Jun Jul Aug Sep Oct Nov Dec
2024: Jan Feb Mar Apr May Jun Jul Aug Sep Oct Nov Dec
2023: Jan Feb Mar Apr May Jun Jul Aug Sep Oct Nov Dec
2022: Jan Feb Mar Apr May Jun Jul Aug Sep Oct Nov Dec
2021: Jan Feb Mar Apr May Jun Jul Aug Sep Oct Nov Dec
2020: Jan Feb Mar Apr May Jun Jul Aug Sep Oct Nov Dec
2019: Jan Feb Mar Apr May Jun Jul Aug Sep Oct Nov Dec
2018: Jan Feb Mar Apr May Jun Jul Aug Sep Oct Nov Dec
2017: Jan Feb Mar Apr May Jun Jul Aug Sep Oct Nov Dec
2016: Jan Feb Mar Apr May Jun Jul Aug Sep Oct Nov Dec
2015: Jan Feb Mar Apr May Jun Jul Aug Sep Oct Nov Dec
2014: Jan Feb Mar Apr May Jun Jul Aug Sep Oct Nov Dec
2013: Jan Feb Mar Apr May Jun Jul Aug Sep Oct Nov Dec
2012: Jan Feb Mar Apr May Jun Jul Aug Sep Oct Nov Dec
2011: Jan Feb Mar Apr May Jun Jul Aug Sep Oct Nov Dec
2010: Jan Feb Mar Apr May Jun Jul Aug Sep Oct Nov Dec
2009: Jan Feb Mar Apr May Jun Jul Aug Sep Oct Nov Dec
2008: Jan Feb Mar Apr May Jun Jul Aug Sep Oct Nov Dec
2007: Jan Feb Mar Apr May Jun Jul Aug Sep Oct Nov Dec
2006: Jan Feb Mar Apr May Jun Jul Aug Sep Oct Nov Dec
2005: Jan Feb Mar Apr May Jun Jul Aug Sep Oct Nov Dec
Report for 2017 July
Daily noaa report MONTHLY CLIMATOLOGICAL SUMMARY for JUL. 2017 NAME: CITY: STATE: ELEV: LAT: LONG: TEMPERATURE ( °F), RAIN (in.), WIND SPEED (mph) HEAT COOL AVG MEAN DEG DEG WIND DOM DAY TEMP HIGH TIME LOW TIME DAYS DAYS RAIN SPEED HIGH TIME DIR -------------------------------------------------------------------------------------------------------- 01 75.7 085.7 00:03 70.7 07:12 00.0 10.8 00.50 01.6 21.9 00:08 E 02 83.0 093.7 17:16 73.3 05:06 00.0 18.0 00.00 04.0 19.6 19:09 SSW 03 84.2 092.9 17:19 77.8 07:14 00.0 19.3 00.00 03.5 19.6 10:31 S 04 81.7 094.4 16:32 69.2 04:35 00.0 16.7 00.50 04.1 35.6 02:38 SW 05 81.8 092.4 17:20 72.3 00:00 00.0 16.9 00.67 03.8 36.8 20:43 SSE 06 80.4 092.7 16:57 71.7 01:25 00.0 15.4 00.00 01.1 14.9 17:03 S 07 82.6 094.1 15:08 74.7 07:18 00.0 17.7 00.00 01.2 17.3 16:30 SW 08 79.9 095.6 15:32 73.7 21:33 00.0 15.0 01.21 01.4 26.4 16:22 SSE 09 79.4 091.3 17:08 73.8 04:32 00.0 14.4 00.12 01.6 23.0 18:28 SE 10 81.1 091.5 17:20 72.3 06:02 00.0 16.1 00.00 02.4 13.8 15:32 S 11 84.6 094.4 16:45 75.1 08:46 00.0 19.6 00.00 03.5 17.3 10:10 SSW 12 85.5 095.6 16:10 76.1 07:10 00.0 20.6 00.00 03.2 14.9 15:24 SSW 13 86.4 097.3 15:37 77.1 07:24 00.0 21.5 00.00 02.4 11.5 18:28 SSW 14 86.3 095.9 18:52 76.6 07:16 00.0 21.4 00.00 01.9 19.6 14:27 SSW 15 83.8 094.5 14:31 77.1 10:40 00.0 18.9 00.03 01.5 13.8 15:14 E 16 85.8 097.8 14:28 76.1 07:07 00.0 20.8 00.00 02.0 19.6 15:28 ESE 17 86.3 096.7 14:41 76.4 07:27 00.0 21.3 00.00 02.5 13.8 15:25 SE 18 87.5 098.1 14:46 77.6 07:20 00.0 22.6 00.00 01.8 11.5 16:24 SSE 19 89.8 100.0 15:17 78.4 07:31 00.0 24.9 00.00 01.8 12.7 18:12 SSW 20 88.8 101.0 14:10 77.3 07:16 00.0 23.9 00.00 02.0 12.7 18:16 SSW 21 88.8 100.9 15:23 78.7 06:50 00.0 23.8 00.00 02.3 13.8 13:23 S 22 88.0 100.5 14:34 77.0 07:16 00.0 23.1 00.00 02.4 16.1 13:30 S 23 86.9 102.7 15:46 32.0 22:18 00.0 22.0 00.94 03.3 31.1 22:32 SSW 24 79.9 089.6 17:17 72.0 00:44 00.0 15.0 00.07 02.4 16.1 01:53 SSW 25 85.1 094.7 16:28 76.7 07:32 00.0 20.2 00.00 03.1 14.9 15:07 S 26 86.6 096.4 16:56 77.5 07:23 00.0 21.7 00.00 03.9 19.6 12:00 SSW 27 86.6 096.7 18:06 77.7 07:29 00.0 21.7 00.00 03.1 14.9 01:24 SSW 28 89.0 102.9 14:47 78.8 07:30 00.0 24.0 00.00 02.7 18.4 09:40 SW 29 86.9 096.9 16:27 79.7 08:09 00.0 22.0 00.00 02.3 14.9 18:14 E 30 83.4 092.0 16:05 76.3 07:34 00.0 18.5 00.00 03.3 18.4 17:59 E 31 81.4 091.5 16:37 72.0 06:34 00.0 16.4 00.00 01.8 13.8 17:08 E -------------------------------------------------------------------------------------------------------- 84.4 (84.8) 102.9 day 28 32.0 day 23 000.0 604.1 04.04 02.5 36.8 day 05 S Max > 86: 30 Min < 86: 31 Max Rain: 1.21 ON 8-07-17 Days of Rain: 8 (> .008in) 6 (> .08in) 2 (> 0.8in)