NOAA-Style Climate Reports
Select a Year or Month report
2024: Jan Feb Mar Apr May Jun Jul Aug Sep Oct Nov Dec
2023: Jan Feb Mar Apr May Jun Jul Aug Sep Oct Nov Dec
2022: Jan Feb Mar Apr May Jun Jul Aug Sep Oct Nov Dec
2021: Jan Feb Mar Apr May Jun Jul Aug Sep Oct Nov Dec
2020: Jan Feb Mar Apr May Jun Jul Aug Sep Oct Nov Dec
2019: Jan Feb Mar Apr May Jun Jul Aug Sep Oct Nov Dec
2018: Jan Feb Mar Apr May Jun Jul Aug Sep Oct Nov Dec
2017: Jan Feb Mar Apr May Jun Jul Aug Sep Oct Nov Dec
2016: Jan Feb Mar Apr May Jun Jul Aug Sep Oct Nov Dec
2015: Jan Feb Mar Apr May Jun Jul Aug Sep Oct Nov Dec
2014: Jan Feb Mar Apr May Jun Jul Aug Sep Oct Nov Dec
2013: Jan Feb Mar Apr May Jun Jul Aug Sep Oct Nov Dec
2012: Jan Feb Mar Apr May Jun Jul Aug Sep Oct Nov Dec
2011: Jan Feb Mar Apr May Jun Jul Aug Sep Oct Nov Dec
2010: Jan Feb Mar Apr May Jun Jul Aug Sep Oct Nov Dec
2009: Jan Feb Mar Apr May Jun Jul Aug Sep Oct Nov Dec
2008: Jan Feb Mar Apr May Jun Jul Aug Sep Oct Nov Dec
2007: Jan Feb Mar Apr May Jun Jul Aug Sep Oct Nov Dec
2006: Jan Feb Mar Apr May Jun Jul Aug Sep Oct Nov Dec
2005: Jan Feb Mar Apr May Jun Jul Aug Sep Oct Nov Dec
2024: Jan Feb Mar Apr May Jun Jul Aug Sep Oct Nov Dec
2023: Jan Feb Mar Apr May Jun Jul Aug Sep Oct Nov Dec
2022: Jan Feb Mar Apr May Jun Jul Aug Sep Oct Nov Dec
2021: Jan Feb Mar Apr May Jun Jul Aug Sep Oct Nov Dec
2020: Jan Feb Mar Apr May Jun Jul Aug Sep Oct Nov Dec
2019: Jan Feb Mar Apr May Jun Jul Aug Sep Oct Nov Dec
2018: Jan Feb Mar Apr May Jun Jul Aug Sep Oct Nov Dec
2017: Jan Feb Mar Apr May Jun Jul Aug Sep Oct Nov Dec
2016: Jan Feb Mar Apr May Jun Jul Aug Sep Oct Nov Dec
2015: Jan Feb Mar Apr May Jun Jul Aug Sep Oct Nov Dec
2014: Jan Feb Mar Apr May Jun Jul Aug Sep Oct Nov Dec
2013: Jan Feb Mar Apr May Jun Jul Aug Sep Oct Nov Dec
2012: Jan Feb Mar Apr May Jun Jul Aug Sep Oct Nov Dec
2011: Jan Feb Mar Apr May Jun Jul Aug Sep Oct Nov Dec
2010: Jan Feb Mar Apr May Jun Jul Aug Sep Oct Nov Dec
2009: Jan Feb Mar Apr May Jun Jul Aug Sep Oct Nov Dec
2008: Jan Feb Mar Apr May Jun Jul Aug Sep Oct Nov Dec
2007: Jan Feb Mar Apr May Jun Jul Aug Sep Oct Nov Dec
2006: Jan Feb Mar Apr May Jun Jul Aug Sep Oct Nov Dec
2005: Jan Feb Mar Apr May Jun Jul Aug Sep Oct Nov Dec
Report for 2017 October
Daily noaa report MONTHLY CLIMATOLOGICAL SUMMARY for OCT. 2017 NAME: CITY: STATE: ELEV: LAT: LONG: TEMPERATURE ( °F), RAIN (in.), WIND SPEED (mph) HEAT COOL AVG MEAN DEG DEG WIND DOM DAY TEMP HIGH TIME LOW TIME DAYS DAYS RAIN SPEED HIGH TIME DIR -------------------------------------------------------------------------------------------------------- 01 74.8 088.5 17:01 64.7 01:59 00.0 09.9 00.00 01.3 12.7 15:03 SSE 02 78.7 091.5 15:40 68.8 03:44 00.0 13.8 00.00 03.0 18.4 16:35 SSE 03 78.3 086.1 15:23 74.7 07:00 00.0 13.4 00.23 03.0 16.1 14:30 SE 04 79.7 089.5 14:07 74.8 09:07 00.0 14.7 00.00 02.3 11.5 18:31 SE 05 78.5 090.2 14:39 68.3 07:53 00.0 13.6 00.00 01.2 10.3 11:50 S 06 77.4 088.4 14:57 67.2 08:42 00.0 12.4 00.00 02.8 18.4 23:17 S 07 76.3 088.9 15:09 68.0 00:00 00.0 11.3 00.00 02.9 19.6 00:14 WSW 08 73.5 091.0 16:02 57.3 08:10 00.0 08.5 00.00 01.1 12.7 12:55 W 09 80.3 094.9 15:23 71.2 05:12 00.0 15.4 00.00 04.3 21.9 12:54 SSW 10 62.6 073.1 00:16 54.2 06:37 02.3 00.0 00.12 07.1 25.3 07:09 NNW 11 62.1 077.4 15:40 50.0 08:34 02.8 00.0 00.00 01.2 11.5 12:32 NE 12 71.7 088.3 15:37 57.0 07:37 00.0 06.8 00.00 00.9 09.2 17:38 SSE 13 78.1 090.1 16:07 68.0 08:06 00.0 13.2 00.00 02.1 16.1 13:47 SSW 14 81.2 091.1 15:38 72.5 09:13 00.0 16.3 00.00 03.4 20.7 11:25 SSW 15 68.6 077.9 00:03 57.5 00:00 00.0 03.7 00.08 05.7 26.4 10:40 NNE 16 60.9 075.9 16:02 49.2 07:57 04.0 00.0 00.00 01.8 11.5 15:19 NE 17 61.0 078.2 15:10 46.6 08:31 04.0 00.0 00.00 00.9 11.5 12:45 SSE 18 64.2 082.4 15:11 48.0 07:49 00.7 00.0 00.00 01.7 14.9 16:24 S 19 68.4 083.9 15:33 55.4 08:32 00.0 03.5 00.00 01.8 13.8 15:53 SSE 20 72.0 083.6 16:29 61.6 07:55 00.0 07.1 00.00 02.8 18.4 17:50 S 21 77.0 087.2 16:08 70.7 06:06 00.0 12.1 00.00 04.5 24.1 15:45 S 22 65.6 078.8 00:05 53.2 00:00 00.0 00.6 00.39 04.1 27.6 01:17 N 23 63.7 082.2 15:53 46.8 08:03 01.2 00.0 00.00 02.8 17.3 23:28 WNW 24 63.7 073.3 13:54 52.8 00:00 01.2 00.0 00.00 06.1 34.5 16:44 NNW 25 60.6 079.3 15:40 43.6 08:35 04.4 00.0 00.00 01.8 18.4 16:04 W 26 69.7 083.9 16:07 54.3 09:21 00.0 04.8 00.00 04.1 28.8 15:39 SSW 27 51.8 064.4 00:02 42.3 00:00 13.2 00.0 00.00 07.0 28.8 10:37 N 28 46.3 061.4 16:04 36.0 09:27 18.7 00.0 00.00 03.1 19.6 16:10 NNW 29 53.9 077.6 16:19 33.4 07:45 11.0 00.0 00.00 02.4 23.0 12:32 WSW 30 60.0 077.8 16:07 44.9 07:50 04.9 00.0 00.00 02.5 19.6 23:04 NE 31 56.5 061.8 12:17 50.4 09:08 08.5 00.0 00.01 03.0 19.6 10:12 ENE -------------------------------------------------------------------------------------------------------- 68.3 (69.4) 94.9 day 09 33.4 day 29 076.9 180.9 00.83 03.0 34.5 day 24 SW Max > 86: 13 Min < 86: 31 Max Rain: 0.39 ON 22-10-17 Days of Rain: 5 (> .008in) 3 (> .08in) 0 (> 0.8in)