NOAA-Style Climate Reports
Select a Year or Month report
2024: Jan Feb Mar Apr May Jun Jul Aug Sep Oct Nov Dec
2023: Jan Feb Mar Apr May Jun Jul Aug Sep Oct Nov Dec
2022: Jan Feb Mar Apr May Jun Jul Aug Sep Oct Nov Dec
2021: Jan Feb Mar Apr May Jun Jul Aug Sep Oct Nov Dec
2020: Jan Feb Mar Apr May Jun Jul Aug Sep Oct Nov Dec
2019: Jan Feb Mar Apr May Jun Jul Aug Sep Oct Nov Dec
2018: Jan Feb Mar Apr May Jun Jul Aug Sep Oct Nov Dec
2017: Jan Feb Mar Apr May Jun Jul Aug Sep Oct Nov Dec
2016: Jan Feb Mar Apr May Jun Jul Aug Sep Oct Nov Dec
2015: Jan Feb Mar Apr May Jun Jul Aug Sep Oct Nov Dec
2014: Jan Feb Mar Apr May Jun Jul Aug Sep Oct Nov Dec
2013: Jan Feb Mar Apr May Jun Jul Aug Sep Oct Nov Dec
2012: Jan Feb Mar Apr May Jun Jul Aug Sep Oct Nov Dec
2011: Jan Feb Mar Apr May Jun Jul Aug Sep Oct Nov Dec
2010: Jan Feb Mar Apr May Jun Jul Aug Sep Oct Nov Dec
2009: Jan Feb Mar Apr May Jun Jul Aug Sep Oct Nov Dec
2008: Jan Feb Mar Apr May Jun Jul Aug Sep Oct Nov Dec
2007: Jan Feb Mar Apr May Jun Jul Aug Sep Oct Nov Dec
2006: Jan Feb Mar Apr May Jun Jul Aug Sep Oct Nov Dec
2005: Jan Feb Mar Apr May Jun Jul Aug Sep Oct Nov Dec
2024: Jan Feb Mar Apr May Jun Jul Aug Sep Oct Nov Dec
2023: Jan Feb Mar Apr May Jun Jul Aug Sep Oct Nov Dec
2022: Jan Feb Mar Apr May Jun Jul Aug Sep Oct Nov Dec
2021: Jan Feb Mar Apr May Jun Jul Aug Sep Oct Nov Dec
2020: Jan Feb Mar Apr May Jun Jul Aug Sep Oct Nov Dec
2019: Jan Feb Mar Apr May Jun Jul Aug Sep Oct Nov Dec
2018: Jan Feb Mar Apr May Jun Jul Aug Sep Oct Nov Dec
2017: Jan Feb Mar Apr May Jun Jul Aug Sep Oct Nov Dec
2016: Jan Feb Mar Apr May Jun Jul Aug Sep Oct Nov Dec
2015: Jan Feb Mar Apr May Jun Jul Aug Sep Oct Nov Dec
2014: Jan Feb Mar Apr May Jun Jul Aug Sep Oct Nov Dec
2013: Jan Feb Mar Apr May Jun Jul Aug Sep Oct Nov Dec
2012: Jan Feb Mar Apr May Jun Jul Aug Sep Oct Nov Dec
2011: Jan Feb Mar Apr May Jun Jul Aug Sep Oct Nov Dec
2010: Jan Feb Mar Apr May Jun Jul Aug Sep Oct Nov Dec
2009: Jan Feb Mar Apr May Jun Jul Aug Sep Oct Nov Dec
2008: Jan Feb Mar Apr May Jun Jul Aug Sep Oct Nov Dec
2007: Jan Feb Mar Apr May Jun Jul Aug Sep Oct Nov Dec
2006: Jan Feb Mar Apr May Jun Jul Aug Sep Oct Nov Dec
2005: Jan Feb Mar Apr May Jun Jul Aug Sep Oct Nov Dec
Report for 2020 October
Daily noaa report MONTHLY CLIMATOLOGICAL SUMMARY for OCT. 2020 NAME: CITY: STATE: ELEV: LAT: LONG: TEMPERATURE ( °F), RAIN (in.), WIND SPEED (mph) HEAT COOL AVG MEAN DEG DEG WIND DOM DAY TEMP HIGH TIME LOW TIME DAYS DAYS RAIN SPEED HIGH TIME DIR -------------------------------------------------------------------------------------------------------- 01 69.3 080.1 13:32 59.2 04:35 00.0 04.4 00.00 02.7 17.3 13:36 ENE 02 64.6 076.0 16:10 52.3 08:22 00.4 00.0 00.00 01.3 09.2 15:44 E 03 67.6 081.4 15:34 55.1 08:04 00.0 02.7 00.00 01.9 16.1 12:31 SSE 04 68.0 078.9 15:26 58.0 00:00 00.0 03.0 00.00 02.5 19.6 11:02 NE 05 64.9 078.2 16:08 52.3 07:37 00.1 00.0 00.00 01.8 12.7 13:44 ESE 06 71.0 085.4 16:40 58.3 08:12 00.0 06.0 00.00 01.1 11.5 15:28 SSE 07 72.9 086.5 16:34 61.1 08:17 00.0 07.9 00.00 01.1 11.5 15:18 SSE 08 73.9 087.0 15:04 61.5 07:38 00.0 09.0 00.00 01.2 13.8 18:10 SE 09 74.7 081.8 14:26 71.0 00:00 00.0 09.8 00.00 02.0 13.8 17:07 E 10 74.3 086.9 16:30 62.7 08:17 00.0 09.4 00.00 00.7 09.2 14:45 SSE 11 79.2 095.7 16:11 66.1 05:09 00.0 14.2 00.00 02.9 18.4 16:34 S 12 73.8 081.8 15:10 57.9 00:00 00.0 08.8 00.00 03.7 21.9 10:36 NNE 13 66.2 082.9 16:18 49.2 08:01 00.0 01.3 00.00 00.8 11.5 14:35 SE 14 72.3 090.0 15:42 55.5 05:33 00.0 07.3 00.00 04.0 21.9 15:46 S 15 69.6 076.2 00:06 63.8 00:00 00.0 04.7 00.00 03.9 25.3 15:22 ENE 16 61.9 070.7 16:08 52.9 08:24 03.1 00.0 00.00 03.1 19.6 00:16 ENE 17 63.4 074.5 17:18 51.5 08:02 01.5 00.0 00.00 03.7 23.0 14:28 S 18 77.9 086.8 15:18 69.0 00:00 00.0 13.0 00.00 05.2 21.9 11:02 S 19 62.4 068.9 00:01 58.7 08:36 02.5 00.0 00.00 02.5 11.5 14:24 NW 20 73.8 087.9 15:42 61.8 05:01 00.0 08.9 00.01 02.4 17.3 16:09 SSE 21 76.0 084.4 16:16 70.0 04:07 00.0 11.1 00.00 02.7 18.4 12:39 S 22 74.6 084.6 16:18 65.5 07:34 00.0 09.6 00.00 02.5 17.3 14:12 S 23 59.7 074.2 00:18 48.6 23:40 05.3 00.0 01.18 05.7 32.2 10:41 N 24 53.6 061.7 15:37 45.7 08:12 11.4 00.0 00.00 02.8 12.7 09:06 N 25 57.2 061.6 14:47 54.2 05:01 07.7 00.0 00.02 03.2 13.8 23:47 E 26 48.7 055.4 00:28 39.1 00:00 16.3 00.0 00.33 05.8 19.6 19:27 NNE 27 40.7 042.6 21:21 38.9 04:36 24.3 00.0 00.12 04.9 19.6 00:21 N 28 42.6 044.6 15:42 39.9 00:00 22.4 00.0 00.35 05.4 20.7 13:46 WNW 29 47.6 060.2 16:21 36.5 02:43 17.4 00.0 00.00 04.7 24.1 07:35 WNW 30 51.9 066.9 16:10 39.6 08:15 13.0 00.0 00.00 00.7 08.1 14:16 NE 31 55.2 070.3 15:12 42.0 08:14 09.8 00.0 00.00 01.6 13.8 12:00 S -------------------------------------------------------------------------------------------------------- 64.8 (65.2) 95.7 day 11 36.5 day 29 134.9 131.2 00.00 02.9 32.2 day 23 ESE Max > 86: 7 Min < 86: 31 Max Rain: 1.18 ON 23-10-21 Days of Rain: 6 (> .008in) 4 (> .08in) 1 (> 0.8in)