NOAA-Style Climate Reports
Select a Year or Month report
2024: Jan Feb Mar Apr May Jun Jul Aug Sep Oct Nov Dec
2023: Jan Feb Mar Apr May Jun Jul Aug Sep Oct Nov Dec
2022: Jan Feb Mar Apr May Jun Jul Aug Sep Oct Nov Dec
2021: Jan Feb Mar Apr May Jun Jul Aug Sep Oct Nov Dec
2020: Jan Feb Mar Apr May Jun Jul Aug Sep Oct Nov Dec
2019: Jan Feb Mar Apr May Jun Jul Aug Sep Oct Nov Dec
2018: Jan Feb Mar Apr May Jun Jul Aug Sep Oct Nov Dec
2017: Jan Feb Mar Apr May Jun Jul Aug Sep Oct Nov Dec
2016: Jan Feb Mar Apr May Jun Jul Aug Sep Oct Nov Dec
2015: Jan Feb Mar Apr May Jun Jul Aug Sep Oct Nov Dec
2014: Jan Feb Mar Apr May Jun Jul Aug Sep Oct Nov Dec
2013: Jan Feb Mar Apr May Jun Jul Aug Sep Oct Nov Dec
2012: Jan Feb Mar Apr May Jun Jul Aug Sep Oct Nov Dec
2011: Jan Feb Mar Apr May Jun Jul Aug Sep Oct Nov Dec
2010: Jan Feb Mar Apr May Jun Jul Aug Sep Oct Nov Dec
2009: Jan Feb Mar Apr May Jun Jul Aug Sep Oct Nov Dec
2008: Jan Feb Mar Apr May Jun Jul Aug Sep Oct Nov Dec
2007: Jan Feb Mar Apr May Jun Jul Aug Sep Oct Nov Dec
2006: Jan Feb Mar Apr May Jun Jul Aug Sep Oct Nov Dec
2005: Jan Feb Mar Apr May Jun Jul Aug Sep Oct Nov Dec
2024: Jan Feb Mar Apr May Jun Jul Aug Sep Oct Nov Dec
2023: Jan Feb Mar Apr May Jun Jul Aug Sep Oct Nov Dec
2022: Jan Feb Mar Apr May Jun Jul Aug Sep Oct Nov Dec
2021: Jan Feb Mar Apr May Jun Jul Aug Sep Oct Nov Dec
2020: Jan Feb Mar Apr May Jun Jul Aug Sep Oct Nov Dec
2019: Jan Feb Mar Apr May Jun Jul Aug Sep Oct Nov Dec
2018: Jan Feb Mar Apr May Jun Jul Aug Sep Oct Nov Dec
2017: Jan Feb Mar Apr May Jun Jul Aug Sep Oct Nov Dec
2016: Jan Feb Mar Apr May Jun Jul Aug Sep Oct Nov Dec
2015: Jan Feb Mar Apr May Jun Jul Aug Sep Oct Nov Dec
2014: Jan Feb Mar Apr May Jun Jul Aug Sep Oct Nov Dec
2013: Jan Feb Mar Apr May Jun Jul Aug Sep Oct Nov Dec
2012: Jan Feb Mar Apr May Jun Jul Aug Sep Oct Nov Dec
2011: Jan Feb Mar Apr May Jun Jul Aug Sep Oct Nov Dec
2010: Jan Feb Mar Apr May Jun Jul Aug Sep Oct Nov Dec
2009: Jan Feb Mar Apr May Jun Jul Aug Sep Oct Nov Dec
2008: Jan Feb Mar Apr May Jun Jul Aug Sep Oct Nov Dec
2007: Jan Feb Mar Apr May Jun Jul Aug Sep Oct Nov Dec
2006: Jan Feb Mar Apr May Jun Jul Aug Sep Oct Nov Dec
2005: Jan Feb Mar Apr May Jun Jul Aug Sep Oct Nov Dec
Report for 2021 May
Daily noaa report MONTHLY CLIMATOLOGICAL SUMMARY for MAY. 2021 NAME: CITY: STATE: ELEV: LAT: LONG: TEMPERATURE ( °F), RAIN (in.), WIND SPEED (mph) HEAT COOL AVG MEAN DEG DEG WIND DOM DAY TEMP HIGH TIME LOW TIME DAYS DAYS RAIN SPEED HIGH TIME DIR -------------------------------------------------------------------------------------------------------- 01 66.5 074.6 14:42 61.7 04:30 00.0 01.6 00.02 01.4 13.8 21:04 ESE 02 71.1 080.9 15:39 64.3 04:39 00.0 06.1 00.02 02.3 14.9 14:19 S 03 77.4 089.0 15:33 67.0 00:00 00.0 12.4 00.15 05.0 21.9 07:23 S 04 66.7 073.7 17:26 59.0 00:00 00.0 01.7 00.00 04.6 20.7 07:08 NNW 05 63.8 075.3 17:37 51.2 07:16 01.2 00.0 00.00 01.8 14.9 11:20 ENE 06 69.4 082.8 15:33 57.3 04:43 00.0 04.4 00.00 01.4 12.7 15:30 NE 07 71.9 084.2 17:30 58.0 07:14 00.0 06.9 00.00 03.1 19.6 16:12 SSE 08 75.2 085.6 15:44 63.1 06:40 00.0 10.3 00.00 07.1 29.9 17:15 S 09 76.4 085.3 13:05 65.0 00:00 00.0 11.4 00.00 05.8 28.8 03:11 SW 10 59.5 065.0 00:01 56.8 00:00 05.5 00.0 00.99 02.9 18.4 18:10 NE 11 57.9 061.3 18:00 56.2 04:27 07.0 00.0 00.72 03.2 20.7 13:03 NE 12 58.7 062.4 15:10 55.8 08:46 06.2 00.0 00.02 02.9 11.5 18:01 NNE 13 66.2 075.1 15:27 60.1 07:39 00.0 01.2 00.00 01.6 11.5 18:31 E 14 67.8 078.2 17:01 57.8 04:24 00.0 02.9 00.00 01.8 12.7 18:18 SE 15 72.6 082.5 16:34 62.4 07:02 00.0 07.6 00.00 02.7 17.3 11:27 SSE 16 70.5 073.1 16:15 68.4 07:38 00.0 05.5 01.36 02.5 18.4 10:45 SSE 17 73.0 081.2 17:19 65.8 10:22 00.0 08.1 00.26 03.1 27.6 01:46 S 18 68.7 073.9 18:42 64.9 13:56 00.0 03.7 00.38 02.4 18.4 13:45 NW 19 72.7 081.6 15:02 65.0 07:05 00.0 07.7 00.00 01.8 19.6 02:38 SE 20 70.9 078.4 18:10 66.6 07:09 00.0 06.0 00.34 00.7 11.5 19:22 ESE 21 75.2 084.4 16:24 69.4 06:57 00.0 10.2 00.00 02.2 19.6 20:27 ESE 22 73.4 079.1 16:39 70.3 00:00 00.0 08.5 00.06 03.5 19.6 17:19 ESE 23 73.0 079.9 15:26 68.7 02:36 00.0 08.0 00.06 01.2 12.7 00:11 S 24 72.2 080.0 15:19 69.1 09:37 00.0 07.3 00.24 01.6 19.6 16:52 SE 25 73.3 079.6 17:22 68.8 13:02 00.0 08.4 00.61 03.1 23.0 12:08 SSW 26 79.6 089.4 17:07 71.8 00:02 00.0 14.7 00.00 02.4 12.7 16:29 S 27 80.7 088.1 15:41 74.6 07:11 00.0 15.8 00.00 04.6 25.3 15:18 SSW 28 73.1 080.8 00:10 66.7 07:16 00.0 08.2 00.56 01.3 28.8 00:39 E 29 74.5 083.2 16:24 66.9 07:18 00.0 09.6 00.00 02.9 14.9 17:02 ENE 30 68.8 075.1 14:26 61.8 08:41 00.0 03.9 00.00 03.0 14.9 10:24 ESE 31 68.2 074.7 16:25 65.9 03:51 00.0 03.3 01.05 01.9 23.0 20:51 ESE -------------------------------------------------------------------------------------------------------- 70.6 (71.3) 89.4 day 26 51.2 day 05 019.9 195.4 06.84 02.8 29.9 day 08 SE Max > 86: 3 Min < 86: 31 Max Rain: 1.36 ON 16-05-21 Days of Rain: 16 (> .008in) 11 (> .08in) 3 (> 0.8in)