NOAA-Style Climate Reports
Select a Year or Month report
2024: Jan Feb Mar Apr May Jun Jul Aug Sep Oct Nov Dec
2023: Jan Feb Mar Apr May Jun Jul Aug Sep Oct Nov Dec
2022: Jan Feb Mar Apr May Jun Jul Aug Sep Oct Nov Dec
2021: Jan Feb Mar Apr May Jun Jul Aug Sep Oct Nov Dec
2020: Jan Feb Mar Apr May Jun Jul Aug Sep Oct Nov Dec
2019: Jan Feb Mar Apr May Jun Jul Aug Sep Oct Nov Dec
2018: Jan Feb Mar Apr May Jun Jul Aug Sep Oct Nov Dec
2017: Jan Feb Mar Apr May Jun Jul Aug Sep Oct Nov Dec
2016: Jan Feb Mar Apr May Jun Jul Aug Sep Oct Nov Dec
2015: Jan Feb Mar Apr May Jun Jul Aug Sep Oct Nov Dec
2014: Jan Feb Mar Apr May Jun Jul Aug Sep Oct Nov Dec
2013: Jan Feb Mar Apr May Jun Jul Aug Sep Oct Nov Dec
2012: Jan Feb Mar Apr May Jun Jul Aug Sep Oct Nov Dec
2011: Jan Feb Mar Apr May Jun Jul Aug Sep Oct Nov Dec
2010: Jan Feb Mar Apr May Jun Jul Aug Sep Oct Nov Dec
2009: Jan Feb Mar Apr May Jun Jul Aug Sep Oct Nov Dec
2008: Jan Feb Mar Apr May Jun Jul Aug Sep Oct Nov Dec
2007: Jan Feb Mar Apr May Jun Jul Aug Sep Oct Nov Dec
2006: Jan Feb Mar Apr May Jun Jul Aug Sep Oct Nov Dec
2005: Jan Feb Mar Apr May Jun Jul Aug Sep Oct Nov Dec
2024: Jan Feb Mar Apr May Jun Jul Aug Sep Oct Nov Dec
2023: Jan Feb Mar Apr May Jun Jul Aug Sep Oct Nov Dec
2022: Jan Feb Mar Apr May Jun Jul Aug Sep Oct Nov Dec
2021: Jan Feb Mar Apr May Jun Jul Aug Sep Oct Nov Dec
2020: Jan Feb Mar Apr May Jun Jul Aug Sep Oct Nov Dec
2019: Jan Feb Mar Apr May Jun Jul Aug Sep Oct Nov Dec
2018: Jan Feb Mar Apr May Jun Jul Aug Sep Oct Nov Dec
2017: Jan Feb Mar Apr May Jun Jul Aug Sep Oct Nov Dec
2016: Jan Feb Mar Apr May Jun Jul Aug Sep Oct Nov Dec
2015: Jan Feb Mar Apr May Jun Jul Aug Sep Oct Nov Dec
2014: Jan Feb Mar Apr May Jun Jul Aug Sep Oct Nov Dec
2013: Jan Feb Mar Apr May Jun Jul Aug Sep Oct Nov Dec
2012: Jan Feb Mar Apr May Jun Jul Aug Sep Oct Nov Dec
2011: Jan Feb Mar Apr May Jun Jul Aug Sep Oct Nov Dec
2010: Jan Feb Mar Apr May Jun Jul Aug Sep Oct Nov Dec
2009: Jan Feb Mar Apr May Jun Jul Aug Sep Oct Nov Dec
2008: Jan Feb Mar Apr May Jun Jul Aug Sep Oct Nov Dec
2007: Jan Feb Mar Apr May Jun Jul Aug Sep Oct Nov Dec
2006: Jan Feb Mar Apr May Jun Jul Aug Sep Oct Nov Dec
2005: Jan Feb Mar Apr May Jun Jul Aug Sep Oct Nov Dec
Report for 2022 May
Daily noaa report MONTHLY CLIMATOLOGICAL SUMMARY for MAY. 2022 NAME: Woodbridge CITY: Sachse STATE: Texas ELEV: 502 LAT: 032:60:00 LONG: 0096:57:00 TEMPERATURE ( °F), RAIN (in.), WIND SPEED (mph) HEAT COOL AVG MEAN DEG DEG WIND DOM DAY TEMP HIGH TIME LOW TIME DAYS DAYS RAIN SPEED HIGH TIME DIR -------------------------------------------------------------------------------------------------------- 01 70.7 083.5 15:58 52.7 06:00 00.0 05.8 00.00 04.4 18.4 12:54 ESE 02 76.0 084.7 17:05 64.3 04:18 00.0 11.1 00.36 08.8 31.1 18:45 S 03 61.3 076.2 01:12 54.8 10:36 03.7 00.0 00.87 05.6 26.4 03:05 N 04 72.7 084.7 16:59 59.3 01:42 00.0 07.7 00.00 05.1 21.9 23:54 SSE 05 71.4 077.6 00:02 59.2 23:46 00.0 06.4 00.27 05.5 26.4 12:52 SW 06 69.0 081.6 17:05 54.3 06:18 00.0 04.1 00.00 02.5 11.5 16:18 SE 07 76.2 086.2 17:52 67.3 06:15 00.0 11.3 00.00 06.1 19.6 16:42 SE 08 81.2 089.6 16:03 74.1 07:04 00.0 16.3 00.00 09.0 25.3 15:25 S 09 81.4 089.4 15:32 75.5 03:09 00.0 16.5 00.00 09.4 26.4 14:24 S 10 80.8 088.3 17:00 76.2 06:40 00.0 15.8 00.00 08.0 19.6 19:06 SSE 11 79.3 086.9 16:20 71.2 07:12 00.0 14.4 00.00 06.7 19.6 10:54 S 12 78.9 088.2 16:12 69.7 07:03 00.0 13.9 00.00 06.5 19.6 13:13 S 13 78.9 088.1 16:40 68.3 07:38 00.0 13.9 00.00 06.6 20.7 23:41 SSE 14 81.0 091.2 15:56 69.0 05:10 00.0 16.0 00.00 04.0 19.6 00:44 S 15 80.0 090.8 16:47 64.8 23:13 00.0 15.1 00.11 06.2 36.8 22:28 SSE 16 75.9 086.5 17:01 62.7 00:38 00.0 11.0 01.35 04.3 23.0 00:10 NE 17 80.8 089.8 17:12 71.5 05:49 00.0 15.9 00.00 06.2 24.1 12:15 SSE 18 80.8 092.4 17:40 71.4 07:06 00.0 15.9 00.00 07.8 26.4 13:37 S 19 81.4 091.3 16:52 72.2 06:57 00.0 16.5 00.00 10.0 26.4 16:19 S 20 82.3 092.3 15:49 73.9 04:49 00.0 17.4 00.00 10.9 31.1 10:59 S 21 77.2 090.1 14:51 62.2 22:41 00.0 12.3 00.00 08.2 25.3 23:22 S 22 62.7 068.7 15:38 59.0 09:59 02.2 00.0 00.00 07.4 26.4 03:59 NNE 23 67.4 077.6 17:03 59.4 00:47 00.0 02.4 00.00 04.8 21.9 23:15 E 24 68.4 075.7 13:19 62.5 00:00 00.0 03.4 02.66 06.9 25.3 19:50 E 25 64.5 070.3 17:32 61.0 04:14 00.5 00.0 00.20 05.5 27.6 03:59 W 26 71.3 084.6 16:47 55.5 07:16 00.0 06.3 00.00 04.0 24.1 15:07 WNW 27 73.3 087.2 17:05 55.5 06:54 00.0 08.4 00.00 01.5 11.5 13:58 ESE 28 78.4 089.6 17:04 65.7 06:53 00.0 13.5 00.00 06.9 23.0 14:35 SSE 29 80.4 089.2 16:17 70.7 06:27 00.0 15.5 00.00 09.2 23.0 13:02 SSE 30 81.4 088.8 16:54 73.8 06:49 00.0 16.4 00.00 10.2 28.8 12:19 S 31 82.6 091.3 17:12 74.6 06:45 00.0 17.6 00.00 07.9 20.7 16:04 SSE -------------------------------------------------------------------------------------------------------- 75.7 (75.6) 92.4 day 18 52.7 day 01 006.4 340.8 05.78 06.7 36.8 day 15 SSE Max > 86: 20 Min < 86: 31 Max Rain: 2.66 ON 24-05-22 Days of Rain: 7 (> .008in) 7 (> .08in) 3 (> 0.8in)