NOAA-Style Climate Reports
Select a Year or Month report
2024: Jan Feb Mar Apr May Jun Jul Aug Sep Oct Nov Dec
2023: Jan Feb Mar Apr May Jun Jul Aug Sep Oct Nov Dec
2022: Jan Feb Mar Apr May Jun Jul Aug Sep Oct Nov Dec
2021: Jan Feb Mar Apr May Jun Jul Aug Sep Oct Nov Dec
2020: Jan Feb Mar Apr May Jun Jul Aug Sep Oct Nov Dec
2019: Jan Feb Mar Apr May Jun Jul Aug Sep Oct Nov Dec
2018: Jan Feb Mar Apr May Jun Jul Aug Sep Oct Nov Dec
2017: Jan Feb Mar Apr May Jun Jul Aug Sep Oct Nov Dec
2016: Jan Feb Mar Apr May Jun Jul Aug Sep Oct Nov Dec
2015: Jan Feb Mar Apr May Jun Jul Aug Sep Oct Nov Dec
2014: Jan Feb Mar Apr May Jun Jul Aug Sep Oct Nov Dec
2013: Jan Feb Mar Apr May Jun Jul Aug Sep Oct Nov Dec
2012: Jan Feb Mar Apr May Jun Jul Aug Sep Oct Nov Dec
2011: Jan Feb Mar Apr May Jun Jul Aug Sep Oct Nov Dec
2010: Jan Feb Mar Apr May Jun Jul Aug Sep Oct Nov Dec
2009: Jan Feb Mar Apr May Jun Jul Aug Sep Oct Nov Dec
2008: Jan Feb Mar Apr May Jun Jul Aug Sep Oct Nov Dec
2007: Jan Feb Mar Apr May Jun Jul Aug Sep Oct Nov Dec
2006: Jan Feb Mar Apr May Jun Jul Aug Sep Oct Nov Dec
2005: Jan Feb Mar Apr May Jun Jul Aug Sep Oct Nov Dec
2024: Jan Feb Mar Apr May Jun Jul Aug Sep Oct Nov Dec
2023: Jan Feb Mar Apr May Jun Jul Aug Sep Oct Nov Dec
2022: Jan Feb Mar Apr May Jun Jul Aug Sep Oct Nov Dec
2021: Jan Feb Mar Apr May Jun Jul Aug Sep Oct Nov Dec
2020: Jan Feb Mar Apr May Jun Jul Aug Sep Oct Nov Dec
2019: Jan Feb Mar Apr May Jun Jul Aug Sep Oct Nov Dec
2018: Jan Feb Mar Apr May Jun Jul Aug Sep Oct Nov Dec
2017: Jan Feb Mar Apr May Jun Jul Aug Sep Oct Nov Dec
2016: Jan Feb Mar Apr May Jun Jul Aug Sep Oct Nov Dec
2015: Jan Feb Mar Apr May Jun Jul Aug Sep Oct Nov Dec
2014: Jan Feb Mar Apr May Jun Jul Aug Sep Oct Nov Dec
2013: Jan Feb Mar Apr May Jun Jul Aug Sep Oct Nov Dec
2012: Jan Feb Mar Apr May Jun Jul Aug Sep Oct Nov Dec
2011: Jan Feb Mar Apr May Jun Jul Aug Sep Oct Nov Dec
2010: Jan Feb Mar Apr May Jun Jul Aug Sep Oct Nov Dec
2009: Jan Feb Mar Apr May Jun Jul Aug Sep Oct Nov Dec
2008: Jan Feb Mar Apr May Jun Jul Aug Sep Oct Nov Dec
2007: Jan Feb Mar Apr May Jun Jul Aug Sep Oct Nov Dec
2006: Jan Feb Mar Apr May Jun Jul Aug Sep Oct Nov Dec
2005: Jan Feb Mar Apr May Jun Jul Aug Sep Oct Nov Dec
Report for 2023 November
Daily noaa report MONTHLY CLIMATOLOGICAL SUMMARY for NOV. 2023 NAME: Woodbridge CITY: Sachse STATE: Texas ELEV: 502 LAT: 032:60:00 LONG: 0096:57:00 TEMPERATURE ( °F), RAIN (in.), WIND SPEED (mph) HEAT COOL AVG MEAN DEG DEG WIND DOM DAY TEMP HIGH TIME LOW TIME DAYS DAYS RAIN SPEED HIGH TIME DIR -------------------------------------------------------------------------------------------------------- 01 43.4 053.6 16:10 31.3 08:04 21.5 00.0 00.00 02.3 12.7 00:43 ENE 02 48.0 061.3 16:45 33.6 08:01 16.9 00.0 00.00 03.3 16.1 14:42 SSE 03 57.5 071.3 16:17 45.3 07:53 07.4 00.0 00.00 04.5 19.6 14:04 S 04 60.8 074.3 16:06 49.3 06:55 04.1 00.0 00.00 03.0 18.4 15:00 S 05 66.3 078.7 13:43 55.5 01:36 00.0 01.3 00.00 03.9 18.4 13:07 S 06 70.6 080.4 13:11 62.9 02:52 00.0 05.7 00.00 06.8 21.9 15:20 S 07 71.8 083.4 15:06 61.7 07:06 00.0 06.9 00.00 06.5 24.1 15:11 S 08 74.4 083.1 15:11 68.8 23:25 00.0 09.5 00.00 07.0 21.9 14:12 S 09 59.4 069.8 00:29 52.6 23:28 05.6 00.0 00.31 06.3 19.6 11:36 N 10 55.9 062.7 16:03 52.3 06:40 09.0 00.0 00.00 05.1 20.7 06:06 NNE 11 57.5 064.2 15:38 53.2 07:43 07.4 00.0 00.00 02.9 12.7 15:35 ENE 12 57.5 064.1 15:18 49.8 07:21 07.5 00.0 00.00 01.1 08.1 14:17 NNE 13 56.2 064.8 13:42 48.6 07:07 08.7 00.0 00.00 01.6 09.2 13:03 NNE 14 57.4 069.5 14:48 48.4 01:12 07.6 00.0 00.00 01.0 08.1 14:18 NNE 15 57.2 072.0 16:01 45.0 07:14 07.7 00.0 00.00 00.9 11.5 12:57 NE 16 58.3 062.0 14:48 50.7 00:19 06.7 00.0 00.00 04.4 16.1 22:25 SSE 17 59.2 060.9 17:20 57.6 07:27 05.8 00.0 00.00 04.1 14.9 03:27 SE 18 60.3 070.8 14:04 53.0 07:22 04.6 00.0 00.00 01.8 11.5 08:43 N 19 59.5 066.2 11:13 52.5 01:29 05.4 00.0 00.11 05.0 19.6 12:00 SSE 20 65.2 075.7 14:05 54.2 23:26 00.0 00.2 00.00 07.3 29.9 23:56 W 21 52.3 057.8 13:22 43.4 00:00 12.7 00.0 00.00 09.3 32.2 01:22 NNW 22 47.1 059.3 16:33 37.8 07:16 17.8 00.0 00.00 03.4 16.1 13:20 NW 23 49.1 060.9 15:09 37.9 02:13 15.9 00.0 00.00 03.2 13.8 10:19 SSE 24 49.2 062.5 15:39 39.1 07:01 15.8 00.0 00.00 01.0 11.5 14:30 ESE 25 50.2 060.2 13:24 41.2 05:11 14.7 00.0 00.21 03.1 14.9 13:17 ESE 26 42.8 051.6 01:37 34.5 00:00 22.2 00.0 00.00 05.6 23.0 11:15 NW 27 42.5 053.4 14:17 29.6 07:25 22.4 00.0 00.00 01.4 11.5 13:32 NNW 28 47.7 061.2 14:21 35.0 07:26 17.2 00.0 00.00 01.5 11.5 13:12 SSW 29 52.5 064.0 14:03 37.7 07:26 12.4 00.0 00.00 03.7 13.8 17:27 S 30 57.8 063.8 22:20 53.8 08:12 07.1 00.0 00.74 03.8 12.7 02:26 SSE -------------------------------------------------------------------------------------------------------- 56.3 (56.7) 83.4 day 07 29.6 day 27 284.0 023.7 01.36 03.8 32.2 day 21 S Min < 86: 30 Max Rain: 0.74 ON 30-11-23 Days of Rain: 4 (> .008in) 4 (> .08in) 0 (> 0.8in)